{"id":1074,"date":"2025-01-21T12:12:05","date_gmt":"2025-01-21T15:12:05","guid":{"rendered":"https:\/\/lucasvasconcelos.com.br\/bumper\/?post_type=product&#038;p=1074"},"modified":"2025-01-21T12:13:27","modified_gmt":"2025-01-21T15:13:27","slug":"copo-termico-electrolux-560ml-preto-sense-com-tampa-hermetica","status":"publish","type":"product","link":"https:\/\/lucasvasconcelos.com.br\/bumper\/produto\/copo-termico-electrolux-560ml-preto-sense-com-tampa-hermetica\/","title":{"rendered":"Copo T\u00e9rmico Electrolux 560ml Preto Sense com Tampa Herm\u00e9tica"},"content":{"rendered":"<p><strong>Copo T\u00e9rmico Electrolux Sense 560 ml &#8211; Preto<\/strong><\/p>\n<p>&nbsp;<\/p>\n<p>Bebidas na Temperatura e Volume Ideais para Qualquer Hora e Lugar<\/p>\n<p>&nbsp;<\/p>\n<p>O <strong>Copo T\u00e9rmico Sense<\/strong> \u00e9 a escolha perfeita para aqueles que valorizam ter suas bebidas favoritas sempre na temperatura desejada, garantindo conforto e estilo em cada gole.<\/p>\n<p>&nbsp;<\/p>\n<p><strong>Design Atemporal e Dur\u00e1vel:<\/strong><br \/>\nCopo t\u00e9rmico com estilo cl\u00e1ssico e minimalista, confeccionado em a\u00e7o inoxid\u00e1vel de alta resist\u00eancia e acabamento fosco. Livre de BPA, une est\u00e9tica e durabilidade em um s\u00f3 produto.<\/p>\n<p>&nbsp;<\/p>\n<p><strong>Longa Preserva\u00e7\u00e3o de Temperatura:<\/strong><br \/>\nEquipado com dupla camada em a\u00e7o inoxid\u00e1vel e isolamento a v\u00e1cuo, o Copo T\u00e9rmico Sense mant\u00e9m as bebidas quentes por at\u00e9 2 horas e geladas por at\u00e9 6 horas*, proporcionando flexibilidade t\u00e9rmica em qualquer ocasi\u00e3o.<\/p>\n<p>*Testes realizados em laborat\u00f3rio, com o copo completamente cheio, em dois cen\u00e1rios: \u00e1gua em temperatura inicial de 0\u00b0C e \u00e1gua em temperatura inicial de 100\u00b0C. Considera-se temperatura gelada abaixo de 10\u00b0C e temperatura quente acima de 60\u00b0C.*<\/p>\n<p>&nbsp;<\/p>\n<p><strong>Conforto e Seguran\u00e7a:<\/strong><br \/>\nA tampa herm\u00e9tica, com veda\u00e7\u00e3o de silicone, protege as bebidas contra derramamentos, vazamentos e entrada de sujeira. Al\u00e9m disso, o copo n\u00e3o transpira por fora, mantendo a parte externa sempre seca.<\/p>\n<p>&nbsp;<\/p>\n<p><strong>Informa\u00e7\u00f5es T\u00e9cnicas:<\/strong><\/p>\n<ul>\n<li>Cor: Preto.<\/li>\n<li>Medidas: 9 x 8,5 x 16,5 cm.<\/li>\n<li>Capacidade: 560 ml.<\/li>\n<\/ul>\n<p>&nbsp;<\/p>\n<p>Desfrute de suas bebidas na temperatura e volume ideais a qualquer momento e em qualquer lugar com o <strong>Copo T\u00e9rmico Sense da Electrolux<\/strong>.<\/p>\n","protected":false},"excerpt":{"rendered":"<p>Desfrute de suas bebidas na temperatura e volume ideais a qualquer momento e em qualquer lugar.<\/p>\n","protected":false},"featured_media":1129,"comment_status":"open","ping_status":"closed","template":"","meta":[],"pwb-brand":[],"product_brand":[],"product_cat":[21,226,69],"product_tag":[243],"class_list":{"0":"post-1074","1":"product","2":"type-product","3":"status-publish","4":"has-post-thumbnail","6":"product_cat-para-cozinha","7":"product_cat-utensilios-para-cozinha","8":"product_cat-utilidades-domesticas","9":"product_tag-sense","11":"first","12":"instock","13":"shipping-taxable","14":"purchasable","15":"product-type-simple"},"brands":[],"_links":{"self":[{"href":"https:\/\/lucasvasconcelos.com.br\/bumper\/wp-json\/wp\/v2\/product\/1074","targetHints":{"allow":["GET"]}}],"collection":[{"href":"https:\/\/lucasvasconcelos.com.br\/bumper\/wp-json\/wp\/v2\/product"}],"about":[{"href":"https:\/\/lucasvasconcelos.com.br\/bumper\/wp-json\/wp\/v2\/types\/product"}],"replies":[{"embeddable":true,"href":"https:\/\/lucasvasconcelos.com.br\/bumper\/wp-json\/wp\/v2\/comments?post=1074"}],"wp:featuredmedia":[{"embeddable":true,"href":"https:\/\/lucasvasconcelos.com.br\/bumper\/wp-json\/wp\/v2\/media\/1129"}],"wp:attachment":[{"href":"https:\/\/lucasvasconcelos.com.br\/bumper\/wp-json\/wp\/v2\/media?parent=1074"}],"wp:term":[{"taxonomy":"pwb-brand","embeddable":true,"href":"https:\/\/lucasvasconcelos.com.br\/bumper\/wp-json\/wp\/v2\/pwb-brand?post=1074"},{"taxonomy":"product_brand","embeddable":true,"href":"https:\/\/lucasvasconcelos.com.br\/bumper\/wp-json\/wp\/v2\/product_brand?post=1074"},{"taxonomy":"product_cat","embeddable":true,"href":"https:\/\/lucasvasconcelos.com.br\/bumper\/wp-json\/wp\/v2\/product_cat?post=1074"},{"taxonomy":"product_tag","embeddable":true,"href":"https:\/\/lucasvasconcelos.com.br\/bumper\/wp-json\/wp\/v2\/product_tag?post=1074"}],"curies":[{"name":"wp","href":"https:\/\/api.w.org\/{rel}","templated":true}]}}

Copo Térmico Electrolux 560ml Preto Sense com Tampa Hermética

<p><strong>Copo Térmico Electrolux Sense 560 ml &#8211; Preto</strong></p>
<p>&nbsp;</p>
<p>Bebidas na Temperatura e Volume Ideais para Qualquer Hora e Lugar</p>
<p>&nbsp;</p>
<p>O <strong>Copo Térmico Sense</strong> é a escolha perfeita para aqueles que valorizam ter suas bebidas favoritas sempre na temperatura desejada, garantindo conforto e estilo em cada gole.</p>
<p>&nbsp;</p>
<p><strong>Design Atemporal e Durável:</strong><br />
Copo térmico com estilo clássico e minimalista, confeccionado em aço inoxidável de alta resistência e acabamento fosco. Livre de BPA, une estética e durabilidade em um só produto.</p>
<p>&nbsp;</p>
<p><strong>Longa Preservação de Temperatura:</strong><br />
Equipado com dupla camada em aço inoxidável e isolamento a vácuo, o Copo Térmico Sense mantém as bebidas quentes por até 2 horas e geladas por até 6 horas*, proporcionando flexibilidade térmica em qualquer ocasião.</p>
<p>*Testes realizados em laboratório, com o copo completamente cheio, em dois cenários: água em temperatura inicial de 0°C e água em temperatura inicial de 100°C. Considera-se temperatura gelada abaixo de 10°C e temperatura quente acima de 60°C.*</p>
<p>&nbsp;</p>
<p><strong>Conforto e Segurança:</strong><br />
A tampa hermética, com vedação de silicone, protege as bebidas contra derramamentos, vazamentos e entrada de sujeira. Além disso, o copo não transpira por fora, mantendo a parte externa sempre seca.</p>
<p>&nbsp;</p>
<p><strong>Informações Técnicas:</strong></p>
<ul>
<li>Cor: Preto.</li>
<li>Medidas: 9 x 8,5 x 16,5 cm.</li>
<li>Capacidade: 560 ml.</li>
</ul>
<p>&nbsp;</p>
<p>Desfrute de suas bebidas na temperatura e volume ideais a qualquer momento e em qualquer lugar com o <strong>Copo Térmico Sense da Electrolux</strong>.</p>
