{"id":1196,"date":"2025-01-21T12:14:55","date_gmt":"2025-01-21T15:14:55","guid":{"rendered":"https:\/\/lucasvasconcelos.com.br\/bumper\/?post_type=product&#038;p=1196"},"modified":"2025-01-21T12:15:48","modified_gmt":"2025-01-21T15:15:48","slug":"fritadeira-oven-fryer-12l-oster-3-em-1-cor-preta-220v","status":"publish","type":"product","link":"https:\/\/lucasvasconcelos.com.br\/bumper\/produto\/fritadeira-oven-fryer-12l-oster-3-em-1-cor-preta-220v\/","title":{"rendered":"Fritadeira Oven Fryer 12L Oster 3 em 1 Cor Preta &#8211; 220V"},"content":{"rendered":"<p><b>Fritadeira Oven Fryer 12L Oster 3 em 1 &#8211; INOVA\u00c7\u00c3O E PRATICIDADE NA COZINHA!<\/b><\/p>\n<p>&nbsp;<\/p>\n<p><span style=\"font-weight: 400;\">A <\/span><b>Fritadeira Oven Fryer 3 em 1<\/b><span style=\"font-weight: 400;\"> com capacidade de 12 Litros, da Oster, \u00e9 a escolha ideal para elevar seus momentos culin\u00e1rios. Com multifun\u00e7\u00f5es e capacidade ampliada, ela traz praticidade incompar\u00e1vel para a rotina familiar, possibilitando uma diversidade de preparos r\u00e1pidos e saud\u00e1veis. Sua alta performance simplifica o cotidiano!<\/span><\/p>\n<p>&nbsp;<\/p>\n<p><span style=\"font-weight: 400;\">Equipada com um sistema inovador de rota\u00e7\u00e3o 360\u00b0, mant\u00e9m o cesto de fritura e o espeto rotisserie em constante movimento, assegurando um cozimento e fritura uniformes. Desenvolvida pensando na vida em fam\u00edlia, esta fritadeira \u00e9 mais potente e espa\u00e7osa, permitindo o preparo de alimentos de maiores dimens\u00f5es e em maior quantidade. Al\u00e9m disso, seu design elegante agrega valor est\u00e9tico \u00e0 sua cozinha.<\/span><\/p>\n","protected":false},"excerpt":{"rendered":"<p><span style=\"font-weight: 400;\">Equipada com um sistema inovador de rota\u00e7\u00e3o 360\u00b0, mant\u00e9m o cesto de fritura e o espeto rotisserie em constante movimento, assegurando um cozimento e fritura uniformes.<\/span><\/p>\n","protected":false},"featured_media":1211,"comment_status":"open","ping_status":"closed","template":"","meta":[],"pwb-brand":[],"product_brand":[],"product_cat":[248,20,21],"product_tag":[],"class_list":{"0":"post-1196","1":"product","2":"type-product","3":"status-publish","4":"has-post-thumbnail","6":"product_cat-air-fryer","7":"product_cat-eletroportateis","8":"product_cat-para-cozinha","10":"first","11":"instock","12":"shipping-taxable","13":"purchasable","14":"product-type-simple"},"brands":[],"_links":{"self":[{"href":"https:\/\/lucasvasconcelos.com.br\/bumper\/wp-json\/wp\/v2\/product\/1196","targetHints":{"allow":["GET"]}}],"collection":[{"href":"https:\/\/lucasvasconcelos.com.br\/bumper\/wp-json\/wp\/v2\/product"}],"about":[{"href":"https:\/\/lucasvasconcelos.com.br\/bumper\/wp-json\/wp\/v2\/types\/product"}],"replies":[{"embeddable":true,"href":"https:\/\/lucasvasconcelos.com.br\/bumper\/wp-json\/wp\/v2\/comments?post=1196"}],"wp:featuredmedia":[{"embeddable":true,"href":"https:\/\/lucasvasconcelos.com.br\/bumper\/wp-json\/wp\/v2\/media\/1211"}],"wp:attachment":[{"href":"https:\/\/lucasvasconcelos.com.br\/bumper\/wp-json\/wp\/v2\/media?parent=1196"}],"wp:term":[{"taxonomy":"pwb-brand","embeddable":true,"href":"https:\/\/lucasvasconcelos.com.br\/bumper\/wp-json\/wp\/v2\/pwb-brand?post=1196"},{"taxonomy":"product_brand","embeddable":true,"href":"https:\/\/lucasvasconcelos.com.br\/bumper\/wp-json\/wp\/v2\/product_brand?post=1196"},{"taxonomy":"product_cat","embeddable":true,"href":"https:\/\/lucasvasconcelos.com.br\/bumper\/wp-json\/wp\/v2\/product_cat?post=1196"},{"taxonomy":"product_tag","embeddable":true,"href":"https:\/\/lucasvasconcelos.com.br\/bumper\/wp-json\/wp\/v2\/product_tag?post=1196"}],"curies":[{"name":"wp","href":"https:\/\/api.w.org\/{rel}","templated":true}]}}

<p><b>Fritadeira Oven Fryer 12L Oster 3 em 1 &#8211; INOVAÇÃO E PRATICIDADE NA COZINHA!</b></p>
<p>&nbsp;</p>
<p><span style="font-weight: 400;">A </span><b>Fritadeira Oven Fryer 3 em 1</b><span style="font-weight: 400;"> com capacidade de 12 Litros, da Oster, é a escolha ideal para elevar seus momentos culinários. Com multifunções e capacidade ampliada, ela traz praticidade incomparável para a rotina familiar, possibilitando uma diversidade de preparos rápidos e saudáveis. Sua alta performance simplifica o cotidiano!</span></p>
<p>&nbsp;</p>
<p><span style="font-weight: 400;">Equipada com um sistema inovador de rotação 360°, mantém o cesto de fritura e o espeto rotisserie em constante movimento, assegurando um cozimento e fritura uniformes. Desenvolvida pensando na vida em família, esta fritadeira é mais potente e espaçosa, permitindo o preparo de alimentos de maiores dimensões e em maior quantidade. Além disso, seu design elegante agrega valor estético à sua cozinha.</span></p>

<p><span style="font-weight: 400;">Equipada com um sistema inovador de rotação 360°, mantém o cesto de fritura e o espeto rotisserie em constante movimento, assegurando um cozimento e fritura uniformes.</span></p>
