{"id":1272,"date":"2025-01-21T12:17:17","date_gmt":"2025-01-21T15:17:17","guid":{"rendered":"https:\/\/lucasvasconcelos.com.br\/bumper\/?post_type=product&#038;p=1272"},"modified":"2025-01-21T12:20:30","modified_gmt":"2025-01-21T15:20:30","slug":"seladora-a-vacuo-electrolux-portatil-e-silenciosa-cor-branca-127v","status":"publish","type":"product","link":"https:\/\/lucasvasconcelos.com.br\/bumper\/produto\/seladora-a-vacuo-electrolux-portatil-e-silenciosa-cor-branca-127v\/","title":{"rendered":"Seladora a V\u00e1cuo Electrolux Port\u00e1til e Silenciosa Cor Branca &#8211; 127V"},"content":{"rendered":"<h2 class=\"\" data-sourcepos=\"1:1-1:66\"><strong>Seladora a V\u00e1cuo Electrolux: Frescor e Sabor por Mais Tempo<\/strong><\/h2>\n<p data-sourcepos=\"3:1-3:207\">Prolongue a vida \u00fatil dos seus alimentos com a <strong>Seladora a V\u00e1cuo Electrolux<\/strong>. Pr\u00e1tica e compacta, ela remove o ar de forma eficiente, <strong>conservando o frescor, sabor e nutrientes<\/strong> por muito mais tempo.<\/p>\n<p data-sourcepos=\"5:1-5:27\"><strong>Descubra os benef\u00edcios:<\/strong><\/p>\n<p data-sourcepos=\"7:1-7:26\"><strong>Preserva\u00e7\u00e3o imbat\u00edvel:<\/strong><\/p>\n<ul data-sourcepos=\"9:1-12:0\">\n<li data-sourcepos=\"9:1-9:114\">3 fun\u00e7\u00f5es:\u00a0V\u00e1cuo e Selar,\u00a0Apenas Selar e Pulsar para\u00a0<strong>personalizar a veda\u00e7\u00e3o<\/strong>\u00a0de acordo com suas necessidades.<\/li>\n<li data-sourcepos=\"10:1-10:85\">Retira o ar de forma controlada,\u00a0<strong>evitando oxida\u00e7\u00e3o e prolifera\u00e7\u00e3o de bact\u00e9rias<\/strong>.<\/li>\n<li data-sourcepos=\"11:1-12:0\">Mant\u00e9m os alimentos frescos por\u00a0<strong>at\u00e9 5 vezes mais tempo<\/strong>\u00a0em compara\u00e7\u00e3o com o armazenamento tradicional.<\/li>\n<\/ul>\n<p data-sourcepos=\"13:1-13:32\"><strong>Sabor e Nutrientes Intactos:<\/strong><\/p>\n<ul data-sourcepos=\"15:1-18:0\">\n<li data-sourcepos=\"15:1-15:67\">Ideal para conservar carnes,\u00a0legumes,\u00a0frutas,\u00a0gr\u00e3os e muito mais.<\/li>\n<li data-sourcepos=\"16:1-16:53\"><strong>Previne o ressecamento e a perda de nutrientes<\/strong>.<\/li>\n<li data-sourcepos=\"17:1-18:0\">Permite\u00a0<strong>marinar alimentos<\/strong>\u00a0em menos tempo,\u00a0intensificando o sabor.<\/li>\n<\/ul>\n<p data-sourcepos=\"19:1-19:28\"><strong>Praticidade e Seguran\u00e7a:<\/strong><\/p>\n<ul data-sourcepos=\"21:1-21:64\">\n<li data-sourcepos=\"21:1-21:64\">Compacta e leve,\u00a0ideal para\u00a0<strong>cozinhas de todos os tamanhos<\/strong>.<\/li>\n<li data-sourcepos=\"22:1-22:43\">F\u00e1cil de usar,\u00a0basta pressionar um bot\u00e3o.<\/li>\n<li data-sourcepos=\"23:1-23:50\"><strong>Sela com seguran\u00e7a<\/strong>,\u00a0evitando o escape de ar.<\/li>\n<li data-sourcepos=\"24:1-25:0\"><strong>Silenciosa<\/strong>\u00a0para um preparo agrad\u00e1vel.<\/li>\n<\/ul>\n<p data-sourcepos=\"26:1-26:19\"><strong>Compat\u00edvel com:<\/strong><\/p>\n<ul data-sourcepos=\"28:1-29:0\">\n<li data-sourcepos=\"28:1-29:0\">Sacos gofrados para v\u00e1cuo (dentro das dimens\u00f5es do produto).<\/li>\n<\/ul>\n<p data-sourcepos=\"30:1-30:49\"><strong>Com a Seladora a V\u00e1cuo Electrolux, voc\u00ea ter\u00e1:<\/strong><\/p>\n<ul data-sourcepos=\"32:1-36:0\">\n<li data-sourcepos=\"32:1-32:38\">Alimentos frescos por mais tempo<\/li>\n<li data-sourcepos=\"33:1-33:36\">Sabor e nutrientes preservados<\/li>\n<li data-sourcepos=\"34:1-34:36\">Praticidade e seguran\u00e7a no uso<\/li>\n<li data-sourcepos=\"35:1-36:0\">Tamanho ideal para qualquer cozinha<\/li>\n<\/ul>\n<p data-sourcepos=\"37:1-37:76\">Experimente a melhor maneira de conservar seus alimentos!<\/p>\n","protected":false},"excerpt":{"rendered":"<p>Pr\u00e1tica e compacta, ela remove o ar de forma eficiente, conservando o frescor, sabor e nutrientes por muito mais tempo.<\/p>\n","protected":false},"featured_media":1406,"comment_status":"open","ping_status":"closed","template":"","meta":[],"pwb-brand":[],"product_brand":[],"product_cat":[226,69],"product_tag":[],"class_list":{"0":"post-1272","1":"product","2":"type-product","3":"status-publish","4":"has-post-thumbnail","6":"product_cat-utensilios-para-cozinha","7":"product_cat-utilidades-domesticas","9":"first","10":"instock","11":"shipping-taxable","12":"purchasable","13":"product-type-simple"},"brands":[],"_links":{"self":[{"href":"https:\/\/lucasvasconcelos.com.br\/bumper\/wp-json\/wp\/v2\/product\/1272","targetHints":{"allow":["GET"]}}],"collection":[{"href":"https:\/\/lucasvasconcelos.com.br\/bumper\/wp-json\/wp\/v2\/product"}],"about":[{"href":"https:\/\/lucasvasconcelos.com.br\/bumper\/wp-json\/wp\/v2\/types\/product"}],"replies":[{"embeddable":true,"href":"https:\/\/lucasvasconcelos.com.br\/bumper\/wp-json\/wp\/v2\/comments?post=1272"}],"wp:featuredmedia":[{"embeddable":true,"href":"https:\/\/lucasvasconcelos.com.br\/bumper\/wp-json\/wp\/v2\/media\/1406"}],"wp:attachment":[{"href":"https:\/\/lucasvasconcelos.com.br\/bumper\/wp-json\/wp\/v2\/media?parent=1272"}],"wp:term":[{"taxonomy":"pwb-brand","embeddable":true,"href":"https:\/\/lucasvasconcelos.com.br\/bumper\/wp-json\/wp\/v2\/pwb-brand?post=1272"},{"taxonomy":"product_brand","embeddable":true,"href":"https:\/\/lucasvasconcelos.com.br\/bumper\/wp-json\/wp\/v2\/product_brand?post=1272"},{"taxonomy":"product_cat","embeddable":true,"href":"https:\/\/lucasvasconcelos.com.br\/bumper\/wp-json\/wp\/v2\/product_cat?post=1272"},{"taxonomy":"product_tag","embeddable":true,"href":"https:\/\/lucasvasconcelos.com.br\/bumper\/wp-json\/wp\/v2\/product_tag?post=1272"}],"curies":[{"name":"wp","href":"https:\/\/api.w.org\/{rel}","templated":true}]}}

Seladora a Vácuo Electrolux Portátil e Silenciosa Cor Branca &#8211; 127V

<h2 class="" data-sourcepos="1:1-1:66"><strong>Seladora a Vácuo Electrolux: Frescor e Sabor por Mais Tempo</strong></h2>
<p data-sourcepos="3:1-3:207">Prolongue a vida útil dos seus alimentos com a <strong>Seladora a Vácuo Electrolux</strong>. Prática e compacta, ela remove o ar de forma eficiente, <strong>conservando o frescor, sabor e nutrientes</strong> por muito mais tempo.</p>
<p data-sourcepos="5:1-5:27"><strong>Descubra os benefícios:</strong></p>
<p data-sourcepos="7:1-7:26"><strong>Preservação imbatível:</strong></p>
<ul data-sourcepos="9:1-12:0">
<li data-sourcepos="9:1-9:114">3 funções: Vácuo e Selar, Apenas Selar e Pulsar para <strong>personalizar a vedação</strong> de acordo com suas necessidades.</li>
<li data-sourcepos="10:1-10:85">Retira o ar de forma controlada, <strong>evitando oxidação e proliferação de bactérias</strong>.</li>
<li data-sourcepos="11:1-12:0">Mantém os alimentos frescos por <strong>até 5 vezes mais tempo</strong> em comparação com o armazenamento tradicional.</li>
</ul>
<p data-sourcepos="13:1-13:32"><strong>Sabor e Nutrientes Intactos:</strong></p>
<ul data-sourcepos="15:1-18:0">
<li data-sourcepos="15:1-15:67">Ideal para conservar carnes, legumes, frutas, grãos e muito mais.</li>
<li data-sourcepos="16:1-16:53"><strong>Previne o ressecamento e a perda de nutrientes</strong>.</li>
<li data-sourcepos="17:1-18:0">Permite <strong>marinar alimentos</strong> em menos tempo, intensificando o sabor.</li>
</ul>
<p data-sourcepos="19:1-19:28"><strong>Praticidade e Segurança:</strong></p>
<ul data-sourcepos="21:1-21:64">
<li data-sourcepos="21:1-21:64">Compacta e leve, ideal para <strong>cozinhas de todos os tamanhos</strong>.</li>
<li data-sourcepos="22:1-22:43">Fácil de usar, basta pressionar um botão.</li>
<li data-sourcepos="23:1-23:50"><strong>Sela com segurança</strong>, evitando o escape de ar.</li>
<li data-sourcepos="24:1-25:0"><strong>Silenciosa</strong> para um preparo agradável.</li>
</ul>
<p data-sourcepos="26:1-26:19"><strong>Compatível com:</strong></p>
<ul data-sourcepos="28:1-29:0">
<li data-sourcepos="28:1-29:0">Sacos gofrados para vácuo (dentro das dimensões do produto).</li>
</ul>
<p data-sourcepos="30:1-30:49"><strong>Com a Seladora a Vácuo Electrolux, você terá:</strong></p>
<ul data-sourcepos="32:1-36:0">
<li data-sourcepos="32:1-32:38">Alimentos frescos por mais tempo</li>
<li data-sourcepos="33:1-33:36">Sabor e nutrientes preservados</li>
<li data-sourcepos="34:1-34:36">Praticidade e segurança no uso</li>
<li data-sourcepos="35:1-36:0">Tamanho ideal para qualquer cozinha</li>
</ul>
<p data-sourcepos="37:1-37:76">Experimente a melhor maneira de conservar seus alimentos!</p>

<p>Prática e compacta, ela remove o ar de forma eficiente, conservando o frescor, sabor e nutrientes por muito mais tempo.</p>
