{"id":1274,"date":"2025-01-21T12:17:17","date_gmt":"2025-01-21T15:17:17","guid":{"rendered":"https:\/\/lucasvasconcelos.com.br\/bumper\/?post_type=product&#038;p=1274"},"modified":"2025-01-21T12:20:46","modified_gmt":"2025-01-21T15:20:46","slug":"seladora-a-vacuo-electrolux-portatil-com-5-sacos-hermeticos-reutilizaveis","status":"publish","type":"product","link":"https:\/\/lucasvasconcelos.com.br\/bumper\/produto\/seladora-a-vacuo-electrolux-portatil-com-5-sacos-hermeticos-reutilizaveis\/","title":{"rendered":"Seladora a V\u00e1cuo Electrolux Port\u00e1til com 5 Sacos Herm\u00e9ticos Reutiliz\u00e1veis"},"content":{"rendered":"<h2 class=\"\" data-sourcepos=\"1:1-1:71\">Seladora a V\u00e1cuo Electrolux Port\u00e1til: Frescor e Sabor por Mais Tempo<\/h2>\n<p>&nbsp;<\/p>\n<p data-sourcepos=\"3:1-3:217\">Libere o poder do v\u00e1cuo para conservar seus alimentos com a <strong>Seladora a V\u00e1cuo Electrolux Port\u00e1til<\/strong>. Compacta, vers\u00e1til e f\u00e1cil de usar, ela garante <strong>frescor, sabor e nutrientes<\/strong> por at\u00e9 <strong>5 vezes mais tempo<\/strong>.<\/p>\n<p data-sourcepos=\"5:1-5:37\"><strong>Desfrute de benef\u00edcios incr\u00edveis:<\/strong><\/p>\n<p data-sourcepos=\"7:1-7:26\"><strong>Preserva\u00e7\u00e3o imbat\u00edvel:<\/strong><\/p>\n<ul data-sourcepos=\"9:1-10:31\">\n<li data-sourcepos=\"9:1-9:87\">Tecnologia de v\u00e1cuo elimina o ar,\u00a0<strong>retarda a oxida\u00e7\u00e3o e prolifera\u00e7\u00e3o de bact\u00e9rias<\/strong>.<\/li>\n<li data-sourcepos=\"10:1-10:31\">Alimentos frescos por\u00a0<strong>at\u00e9 5 vezes mais tempo<\/strong>,\u00a0<strong>reduzindo o desperd\u00edcio<\/strong>.<\/li>\n<li data-sourcepos=\"11:1-12:0\">Ideal para carnes,\u00a0legumes,\u00a0frutas,\u00a0gr\u00e3os e muito mais.<\/li>\n<\/ul>\n<p data-sourcepos=\"13:1-13:32\"><strong>Sabor e Nutrientes Intactos:<\/strong><\/p>\n<ul data-sourcepos=\"15:1-18:0\">\n<li data-sourcepos=\"15:1-15:65\">Veda\u00e7\u00e3o herm\u00e9tica\u00a0<strong>mant\u00e9m a umidade e o aroma<\/strong>\u00a0dos alimentos.<\/li>\n<li data-sourcepos=\"16:1-16:53\"><strong>Previne o ressecamento e a perda de nutrientes<\/strong>.<\/li>\n<li data-sourcepos=\"17:1-18:0\"><strong>Intensifica o sabor<\/strong>\u00a0de marinadas e receitas sous vide.<\/li>\n<\/ul>\n<p data-sourcepos=\"19:1-19:28\"><strong>Praticidade e Seguran\u00e7a:<\/strong><\/p>\n<ul data-sourcepos=\"21:1-22:40\">\n<li data-sourcepos=\"21:1-21:54\">Compacta e leve,\u00a0<strong>perfeita para qualquer cozinha<\/strong>.<\/li>\n<li data-sourcepos=\"22:1-22:40\"><strong>F\u00e1cil de usar<\/strong>\u00a0com apenas um bot\u00e3o.<\/li>\n<li data-sourcepos=\"23:1-23:62\"><strong>Recarreg\u00e1vel por USB<\/strong>,\u00a0ideal para levar a qualquer lugar.<\/li>\n<li data-sourcepos=\"24:1-25:0\"><strong>Silenciosa<\/strong>\u00a0para um preparo agrad\u00e1vel.<\/li>\n<\/ul>\n<p data-sourcepos=\"26:1-26:35\"><strong>Sacos Herm\u00e9ticos Reutiliz\u00e1veis:<\/strong><\/p>\n<ul data-sourcepos=\"28:1-32:0\">\n<li data-sourcepos=\"28:1-28:47\">5 sacos inclusos,\u00a0<strong>resistentes e dur\u00e1veis<\/strong>.<\/li>\n<li data-sourcepos=\"29:1-29:53\">Suportam\u00a0<strong>temperaturas extremas<\/strong>\u00a0(-20\u00b0C a 100\u00b0C).<\/li>\n<li data-sourcepos=\"30:1-30:87\"><strong>Vers\u00e1teis:<\/strong>\u00a0freezer,\u00a0refrigerador,\u00a0lava-lou\u00e7as,\u00a0micro-ondas e cozimento sous vide.<\/li>\n<li data-sourcepos=\"31:1-32:0\"><strong>Clip para fechamento<\/strong>\u00a0garante seguran\u00e7a e praticidade.<\/li>\n<\/ul>\n<p data-sourcepos=\"33:1-33:58\"><strong>Com a Seladora a V\u00e1cuo Electrolux Port\u00e1til, voc\u00ea ter\u00e1:<\/strong><\/p>\n<ul data-sourcepos=\"35:1-39:0\">\n<li data-sourcepos=\"35:1-35:44\"><strong>Alimentos frescos por muito mais tempo<\/strong><\/li>\n<li data-sourcepos=\"36:1-36:36\"><strong>Sabor e nutrientes preservados<\/strong><\/li>\n<li data-sourcepos=\"37:1-37:36\"><strong>Praticidade e seguran\u00e7a no uso<\/strong><\/li>\n<li data-sourcepos=\"38:1-39:0\"><strong>Sacos reutiliz\u00e1veis para diversas aplica\u00e7\u00f5es<\/strong><\/li>\n<\/ul>\n<p data-sourcepos=\"40:1-40:76\">Compre agora e experimente a melhor maneira de conservar seus alimentos!<\/p>\n","protected":false},"excerpt":{"rendered":"<p>Compacta, vers\u00e1til e f\u00e1cil de usar, garante frescor, sabor e nutrientes por at\u00e9 5 vezes mais tempo.<\/p>\n","protected":false},"featured_media":1416,"comment_status":"open","ping_status":"closed","template":"","meta":[],"pwb-brand":[],"product_brand":[],"product_cat":[226,69],"product_tag":[],"class_list":{"0":"post-1274","1":"product","2":"type-product","3":"status-publish","4":"has-post-thumbnail","6":"product_cat-utensilios-para-cozinha","7":"product_cat-utilidades-domesticas","9":"first","10":"instock","11":"shipping-taxable","12":"purchasable","13":"product-type-simple"},"brands":[],"_links":{"self":[{"href":"https:\/\/lucasvasconcelos.com.br\/bumper\/wp-json\/wp\/v2\/product\/1274","targetHints":{"allow":["GET"]}}],"collection":[{"href":"https:\/\/lucasvasconcelos.com.br\/bumper\/wp-json\/wp\/v2\/product"}],"about":[{"href":"https:\/\/lucasvasconcelos.com.br\/bumper\/wp-json\/wp\/v2\/types\/product"}],"replies":[{"embeddable":true,"href":"https:\/\/lucasvasconcelos.com.br\/bumper\/wp-json\/wp\/v2\/comments?post=1274"}],"wp:featuredmedia":[{"embeddable":true,"href":"https:\/\/lucasvasconcelos.com.br\/bumper\/wp-json\/wp\/v2\/media\/1416"}],"wp:attachment":[{"href":"https:\/\/lucasvasconcelos.com.br\/bumper\/wp-json\/wp\/v2\/media?parent=1274"}],"wp:term":[{"taxonomy":"pwb-brand","embeddable":true,"href":"https:\/\/lucasvasconcelos.com.br\/bumper\/wp-json\/wp\/v2\/pwb-brand?post=1274"},{"taxonomy":"product_brand","embeddable":true,"href":"https:\/\/lucasvasconcelos.com.br\/bumper\/wp-json\/wp\/v2\/product_brand?post=1274"},{"taxonomy":"product_cat","embeddable":true,"href":"https:\/\/lucasvasconcelos.com.br\/bumper\/wp-json\/wp\/v2\/product_cat?post=1274"},{"taxonomy":"product_tag","embeddable":true,"href":"https:\/\/lucasvasconcelos.com.br\/bumper\/wp-json\/wp\/v2\/product_tag?post=1274"}],"curies":[{"name":"wp","href":"https:\/\/api.w.org\/{rel}","templated":true}]}}

Seladora a Vácuo Electrolux Portátil com 5 Sacos Herméticos Reutilizáveis

<h2 class="" data-sourcepos="1:1-1:71">Seladora a Vácuo Electrolux Portátil: Frescor e Sabor por Mais Tempo</h2>
<p>&nbsp;</p>
<p data-sourcepos="3:1-3:217">Libere o poder do vácuo para conservar seus alimentos com a <strong>Seladora a Vácuo Electrolux Portátil</strong>. Compacta, versátil e fácil de usar, ela garante <strong>frescor, sabor e nutrientes</strong> por até <strong>5 vezes mais tempo</strong>.</p>
<p data-sourcepos="5:1-5:37"><strong>Desfrute de benefícios incríveis:</strong></p>
<p data-sourcepos="7:1-7:26"><strong>Preservação imbatível:</strong></p>
<ul data-sourcepos="9:1-10:31">
<li data-sourcepos="9:1-9:87">Tecnologia de vácuo elimina o ar, <strong>retarda a oxidação e proliferação de bactérias</strong>.</li>
<li data-sourcepos="10:1-10:31">Alimentos frescos por <strong>até 5 vezes mais tempo</strong>, <strong>reduzindo o desperdício</strong>.</li>
<li data-sourcepos="11:1-12:0">Ideal para carnes, legumes, frutas, grãos e muito mais.</li>
</ul>
<p data-sourcepos="13:1-13:32"><strong>Sabor e Nutrientes Intactos:</strong></p>
<ul data-sourcepos="15:1-18:0">
<li data-sourcepos="15:1-15:65">Vedação hermética <strong>mantém a umidade e o aroma</strong> dos alimentos.</li>
<li data-sourcepos="16:1-16:53"><strong>Previne o ressecamento e a perda de nutrientes</strong>.</li>
<li data-sourcepos="17:1-18:0"><strong>Intensifica o sabor</strong> de marinadas e receitas sous vide.</li>
</ul>
<p data-sourcepos="19:1-19:28"><strong>Praticidade e Segurança:</strong></p>
<ul data-sourcepos="21:1-22:40">
<li data-sourcepos="21:1-21:54">Compacta e leve, <strong>perfeita para qualquer cozinha</strong>.</li>
<li data-sourcepos="22:1-22:40"><strong>Fácil de usar</strong> com apenas um botão.</li>
<li data-sourcepos="23:1-23:62"><strong>Recarregável por USB</strong>, ideal para levar a qualquer lugar.</li>
<li data-sourcepos="24:1-25:0"><strong>Silenciosa</strong> para um preparo agradável.</li>
</ul>
<p data-sourcepos="26:1-26:35"><strong>Sacos Herméticos Reutilizáveis:</strong></p>
<ul data-sourcepos="28:1-32:0">
<li data-sourcepos="28:1-28:47">5 sacos inclusos, <strong>resistentes e duráveis</strong>.</li>
<li data-sourcepos="29:1-29:53">Suportam <strong>temperaturas extremas</strong> (-20°C a 100°C).</li>
<li data-sourcepos="30:1-30:87"><strong>Versáteis:</strong> freezer, refrigerador, lava-louças, micro-ondas e cozimento sous vide.</li>
<li data-sourcepos="31:1-32:0"><strong>Clip para fechamento</strong> garante segurança e praticidade.</li>
</ul>
<p data-sourcepos="33:1-33:58"><strong>Com a Seladora a Vácuo Electrolux Portátil, você terá:</strong></p>
<ul data-sourcepos="35:1-39:0">
<li data-sourcepos="35:1-35:44"><strong>Alimentos frescos por muito mais tempo</strong></li>
<li data-sourcepos="36:1-36:36"><strong>Sabor e nutrientes preservados</strong></li>
<li data-sourcepos="37:1-37:36"><strong>Praticidade e segurança no uso</strong></li>
<li data-sourcepos="38:1-39:0"><strong>Sacos reutilizáveis para diversas aplicações</strong></li>
</ul>
<p data-sourcepos="40:1-40:76">Compre agora e experimente a melhor maneira de conservar seus alimentos!</p>

<p>Compacta, versátil e fácil de usar, garante frescor, sabor e nutrientes por até 5 vezes mais tempo.</p>
