{"id":1381,"date":"2025-01-21T12:19:36","date_gmt":"2025-01-21T15:19:36","guid":{"rendered":"https:\/\/lucasvasconcelos.com.br\/bumper\/?post_type=product&#038;p=1381"},"modified":"2025-01-21T12:22:41","modified_gmt":"2025-01-21T15:22:41","slug":"ventilador-de-mesa-e-parede-50cm-wap-com-8-pas-flow-turbo-cor-preta-127v","status":"publish","type":"product","link":"https:\/\/lucasvasconcelos.com.br\/bumper\/produto\/ventilador-de-mesa-e-parede-50cm-wap-com-8-pas-flow-turbo-cor-preta-127v\/","title":{"rendered":"Ventilador de Mesa e Parede 50cm WAP com 8 p\u00e1s Flow Turbo Cor Preta &#8211; 127V"},"content":{"rendered":"<h2 class=\"\" data-sourcepos=\"1:1-1:74\">Ventilador WAP Flow Turbo 2 em 1: Conforto e Frescor com Efici\u00eancia e Sil\u00eancio<\/h2>\n<p>&nbsp;<\/p>\n<p data-sourcepos=\"3:1-3:47\">Todos os ambientes da sua casa muito mais confort\u00e1veis e refrescantes com o novo Ventilador WAP FLOW TURBO 2 em 1!<\/p>\n<p data-sourcepos=\"5:1-5:26\"><strong>Pot\u00eancia e Efici\u00eancia:<\/strong><\/p>\n<ul data-sourcepos=\"7:1-8:67\">\n<li data-sourcepos=\"7:1-7:91\">Motor de 180W:\u00a0m\u00e1xima efici\u00eancia com baixo ru\u00eddo para um ambiente agrad\u00e1vel e silencioso.<\/li>\n<li data-sourcepos=\"8:1-8:67\">8 p\u00e1s aerodin\u00e2micas:\u00a0grande vaz\u00e3o de ar para refrescar cada canto da sua casa.<\/li>\n<li data-sourcepos=\"9:1-10:0\">3 velocidades:\u00a0silencioso,\u00a0brisa e turbo para personalizar a ventila\u00e7\u00e3o \u00e0s suas necessidades.<\/li>\n<\/ul>\n<p data-sourcepos=\"11:1-11:27\"><strong>Tecnologia Silent Flow:<\/strong><\/p>\n<ul data-sourcepos=\"13:1-16:0\">\n<li data-sourcepos=\"13:1-13:49\">Reduz o ru\u00eddo e aumenta a performance de vento.<\/li>\n<li data-sourcepos=\"14:1-14:78\">Menor consumo de energia:\u00a0economia para o seu bolso e consci\u00eancia ambiental.<\/li>\n<li data-sourcepos=\"15:1-16:0\">Selo Procel:\u00a0classifica\u00e7\u00e3o A em efici\u00eancia energ\u00e9tica,\u00a0a mais alta do mercado.<\/li>\n<\/ul>\n<p data-sourcepos=\"17:1-17:28\"><strong>Praticidade e Seguran\u00e7a:<\/strong><\/p>\n<ul data-sourcepos=\"19:1-22:23\">\n<li data-sourcepos=\"19:1-19:78\">Bot\u00e3o liga\/desliga e controle de velocidade:\u00a0praticidade na ponta dos dedos.<\/li>\n<li data-sourcepos=\"20:1-20:106\">Ajuste de inclina\u00e7\u00e3o de at\u00e9 45\u00b0 e oscila\u00e7\u00e3o horizontal de at\u00e9 90\u00b0:\u00a0distribui\u00e7\u00e3o ideal do ar no ambiente.<\/li>\n<li data-sourcepos=\"21:1-21:56\">Base robusta e est\u00e1vel:\u00a0seguran\u00e7a para toda a fam\u00edlia.<\/li>\n<li data-sourcepos=\"22:1-22:23\">Grade de prote\u00e7\u00e3o com design moderno:\u00a0seguran\u00e7a e eleg\u00e2ncia.<\/li>\n<\/ul>\n<p data-sourcepos=\"24:1-24:18\"><strong>Qualidade WAP:<\/strong><\/p>\n<ul data-sourcepos=\"26:1-27:0\">\n<li data-sourcepos=\"26:1-27:0\">Produto 100% testado e com 1 ano de garantia:\u00a0tranquilidade e confian\u00e7a para voc\u00ea.<\/li>\n<\/ul>\n<p data-sourcepos=\"28:1-28:66\"><strong>O Ventilador WAP Flow Turbo \u00e9 a escolha ideal para quem busca:<\/strong><\/p>\n<ul data-sourcepos=\"30:1-34:0\">\n<li data-sourcepos=\"30:1-30:34\">Pot\u00eancia e efici\u00eancia energ\u00e9tica<\/li>\n<li data-sourcepos=\"31:1-31:21\">Sil\u00eancio e conforto<\/li>\n<li data-sourcepos=\"32:1-32:25\">Praticidade e seguran\u00e7a<\/li>\n<li data-sourcepos=\"33:1-34:0\">Qualidade e garantia<\/li>\n<\/ul>\n","protected":false},"excerpt":{"rendered":"<p>Mais conforto, mais economia e muito mais vento!<\/p>\n","protected":false},"featured_media":1472,"comment_status":"open","ping_status":"closed","template":"","meta":[],"pwb-brand":[],"product_brand":[],"product_cat":[20,122,259],"product_tag":[],"class_list":{"0":"post-1381","1":"product","2":"type-product","3":"status-publish","4":"has-post-thumbnail","6":"product_cat-eletroportateis","7":"product_cat-para-casa","8":"product_cat-ventiladores","10":"first","11":"instock","12":"shipping-taxable","13":"purchasable","14":"product-type-simple"},"brands":[],"_links":{"self":[{"href":"https:\/\/lucasvasconcelos.com.br\/bumper\/wp-json\/wp\/v2\/product\/1381","targetHints":{"allow":["GET"]}}],"collection":[{"href":"https:\/\/lucasvasconcelos.com.br\/bumper\/wp-json\/wp\/v2\/product"}],"about":[{"href":"https:\/\/lucasvasconcelos.com.br\/bumper\/wp-json\/wp\/v2\/types\/product"}],"replies":[{"embeddable":true,"href":"https:\/\/lucasvasconcelos.com.br\/bumper\/wp-json\/wp\/v2\/comments?post=1381"}],"wp:featuredmedia":[{"embeddable":true,"href":"https:\/\/lucasvasconcelos.com.br\/bumper\/wp-json\/wp\/v2\/media\/1472"}],"wp:attachment":[{"href":"https:\/\/lucasvasconcelos.com.br\/bumper\/wp-json\/wp\/v2\/media?parent=1381"}],"wp:term":[{"taxonomy":"pwb-brand","embeddable":true,"href":"https:\/\/lucasvasconcelos.com.br\/bumper\/wp-json\/wp\/v2\/pwb-brand?post=1381"},{"taxonomy":"product_brand","embeddable":true,"href":"https:\/\/lucasvasconcelos.com.br\/bumper\/wp-json\/wp\/v2\/product_brand?post=1381"},{"taxonomy":"product_cat","embeddable":true,"href":"https:\/\/lucasvasconcelos.com.br\/bumper\/wp-json\/wp\/v2\/product_cat?post=1381"},{"taxonomy":"product_tag","embeddable":true,"href":"https:\/\/lucasvasconcelos.com.br\/bumper\/wp-json\/wp\/v2\/product_tag?post=1381"}],"curies":[{"name":"wp","href":"https:\/\/api.w.org\/{rel}","templated":true}]}}