{"id":326,"date":"2025-01-20T23:44:24","date_gmt":"2025-01-21T02:44:24","guid":{"rendered":"https:\/\/lucasvasconcelos.com.br\/bumper\/?post_type=product&#038;p=326"},"modified":"2025-01-20T23:44:27","modified_gmt":"2025-01-21T02:44:27","slug":"mini-system-lg-xboom-ck43n-com-bluetooth-preto-220w-bivolt","status":"publish","type":"product","link":"https:\/\/lucasvasconcelos.com.br\/bumper\/produto\/mini-system-lg-xboom-ck43n-com-bluetooth-preto-220w-bivolt\/","title":{"rendered":"Mini System LG Xboom Ck43N Com Bluetooth Preto 220w Bivolt"},"content":{"rendered":"<p>O Mini System LG XBOOM CK43N, com seus poderosos 220W de pot\u00eancia, \u00e9 a escolha compacta perfeita para desfrutar de sua m\u00fasica favorita com qualidade de som excepcional. Inspirado no design profissional de mesas de DJ, este sistema oferece a fun\u00e7\u00e3o Multi Bluetooth, permitindo o emparelhamento simult\u00e2neo de at\u00e9 3 dispositivos m\u00f3veis, proporcionando uma experi\u00eancia de \u00e1udio vers\u00e1til e sem interrup\u00e7\u00f5es.<\/p>\n<p>Com o CK43N, voc\u00ea pode visualizar as m\u00fasicas dos tr\u00eas dispositivos em sua tela de smartphone, selecionar suas faixas preferidas e ajustar a ordem da reprodu\u00e7\u00e3o com a fun\u00e7\u00e3o Multi Playlist. Al\u00e9m disso, \u00e9 poss\u00edvel controlar todas as fun\u00e7\u00f5es do Mini System em at\u00e9 3 smartphones simultaneamente, oferecendo uma experi\u00eancia de entretenimento ainda mais flex\u00edvel.<\/p>\n<p>Destaque de qualquer festa, o XBOOM CK43N proporciona graves potentes e conectividade vers\u00e1til para v\u00e1rios dispositivos. Com entradas auxiliares est\u00e9reo e duas portas USB, reproduzir suas m\u00fasicas favoritas nunca foi t\u00e3o f\u00e1cil. Controle facilmente o volume e a faixa com os controles girat\u00f3rios suaves na parte frontal da unidade principal.<\/p>\n<p>Para uma experi\u00eancia sonora ainda mais imersiva, voc\u00ea pode conectar dois Mini Systems LG XBOOM e aumentar o volume da sua festa. Al\u00e9m disso, a conectividade Bluetooth permite criar playlists din\u00e2micas com amigos, enquanto a conex\u00e3o sem fio Sound Sync Wireless amplifica o som ao assistir a filmes e s\u00e9ries em sua TV LG.<\/p>\n<p>Com amplificador poderoso, interface intuitiva e alto-falantes de alta qualidade, o XBOOM CK43N oferece uma experi\u00eancia de \u00e1udio excepcional para todos os momentos. Compat\u00edvel com Bluetooth, bivolt e com garantia de 12 meses do fabricante, este Mini System \u00e9 a escolha perfeita para quem busca qualidade, versatilidade e estilo<\/p>\n","protected":false},"excerpt":{"rendered":"<p>O Mini System LG XBOOM CK43N oferece pot\u00eancia de 220W, conectividade Multi Bluetooth e design inspirado em DJ para uma festa inesquec\u00edvel.<\/p>\n","protected":false},"featured_media":333,"comment_status":"open","ping_status":"closed","template":"","meta":[],"pwb-brand":[],"product_brand":[],"product_cat":[61,60],"product_tag":[62],"class_list":{"0":"post-326","1":"product","2":"type-product","3":"status-publish","4":"has-post-thumbnail","6":"product_cat-caixa-de-som","7":"product_cat-eletronicos","8":"product_tag-mais-procurados","10":"first","11":"instock","12":"shipping-taxable","13":"purchasable","14":"product-type-simple"},"brands":[],"_links":{"self":[{"href":"https:\/\/lucasvasconcelos.com.br\/bumper\/wp-json\/wp\/v2\/product\/326","targetHints":{"allow":["GET"]}}],"collection":[{"href":"https:\/\/lucasvasconcelos.com.br\/bumper\/wp-json\/wp\/v2\/product"}],"about":[{"href":"https:\/\/lucasvasconcelos.com.br\/bumper\/wp-json\/wp\/v2\/types\/product"}],"replies":[{"embeddable":true,"href":"https:\/\/lucasvasconcelos.com.br\/bumper\/wp-json\/wp\/v2\/comments?post=326"}],"wp:featuredmedia":[{"embeddable":true,"href":"https:\/\/lucasvasconcelos.com.br\/bumper\/wp-json\/wp\/v2\/media\/333"}],"wp:attachment":[{"href":"https:\/\/lucasvasconcelos.com.br\/bumper\/wp-json\/wp\/v2\/media?parent=326"}],"wp:term":[{"taxonomy":"pwb-brand","embeddable":true,"href":"https:\/\/lucasvasconcelos.com.br\/bumper\/wp-json\/wp\/v2\/pwb-brand?post=326"},{"taxonomy":"product_brand","embeddable":true,"href":"https:\/\/lucasvasconcelos.com.br\/bumper\/wp-json\/wp\/v2\/product_brand?post=326"},{"taxonomy":"product_cat","embeddable":true,"href":"https:\/\/lucasvasconcelos.com.br\/bumper\/wp-json\/wp\/v2\/product_cat?post=326"},{"taxonomy":"product_tag","embeddable":true,"href":"https:\/\/lucasvasconcelos.com.br\/bumper\/wp-json\/wp\/v2\/product_tag?post=326"}],"curies":[{"name":"wp","href":"https:\/\/api.w.org\/{rel}","templated":true}]}}