{"id":359,"date":"2025-01-20T23:49:46","date_gmt":"2025-01-21T02:49:46","guid":{"rendered":"https:\/\/lucasvasconcelos.com.br\/bumper\/?post_type=product&#038;p=359"},"modified":"2025-01-20T23:50:02","modified_gmt":"2025-01-21T02:50:02","slug":"kit-3-sacos-para-aspirador-de-po-electrolux-modelos-a10-acqua-power-e-gt2000-cse10","status":"publish","type":"product","link":"https:\/\/lucasvasconcelos.com.br\/bumper\/produto\/kit-3-sacos-para-aspirador-de-po-electrolux-modelos-a10-acqua-power-e-gt2000-cse10\/","title":{"rendered":"Kit 3 Sacos para aspirador de p\u00f3 Electrolux &#8211; Modelos A10, Acqua Power e Gt2000 (CSE10)"},"content":{"rendered":"<p>Os sacos descart\u00e1veis Electrolux s\u00e3o ecologicamente corretos, pois s\u00e3o biodegrad\u00e1veis e n\u00e3o causam impactos negativos ao meio ambiente.<\/p>\n<p>&nbsp;<\/p>\n<p>Desenvolvidos com dois n\u00edveis de filtragem, s\u00e3o higi\u00eanicos e eficientes na preven\u00e7\u00e3o da fuga de poeira, evitando danos ao motor. Sua instala\u00e7\u00e3o e descarte s\u00e3o f\u00e1ceis, e s\u00e3o a escolha ideal para quem busca qualidade Electrolux em casa.<\/p>\n<p>&nbsp;<\/p>\n<p><strong>Aten\u00e7\u00e3o:<\/strong> Os sacos descart\u00e1veis s\u00e3o compat\u00edveis apenas com os modelos de aspiradores A10S, GT200, AQP10, FLEX, A10N1, AQP20, GT20N, produzidos ap\u00f3s o ano de 2010.<\/p>\n<p>&nbsp;<\/p>\n<p>A troca \u00e9 recomendada a cada 2 meses, totalizando 6 meses por kit.<\/p>\n","protected":false},"excerpt":{"rendered":"<p>Compat\u00edvel apenas com os modelos de aspiradores: A10S, GT200, AQP10, FLEX, A10N1, AQP20, GT20N, produzidos ap\u00f3s o ano de 2010.<\/p>\n","protected":false},"featured_media":391,"comment_status":"open","ping_status":"closed","template":"","meta":[],"pwb-brand":[],"product_brand":[],"product_cat":[72,21,39],"product_tag":[73],"class_list":{"0":"post-359","1":"product","2":"type-product","3":"status-publish","4":"has-post-thumbnail","6":"product_cat-filtro-para-aspirador-de-po","7":"product_cat-para-cozinha","8":"product_cat-pecas-e-acessorios","9":"product_tag-pecas-e-acessorios","11":"first","12":"instock","13":"shipping-taxable","14":"purchasable","15":"product-type-simple"},"brands":[],"_links":{"self":[{"href":"https:\/\/lucasvasconcelos.com.br\/bumper\/wp-json\/wp\/v2\/product\/359","targetHints":{"allow":["GET"]}}],"collection":[{"href":"https:\/\/lucasvasconcelos.com.br\/bumper\/wp-json\/wp\/v2\/product"}],"about":[{"href":"https:\/\/lucasvasconcelos.com.br\/bumper\/wp-json\/wp\/v2\/types\/product"}],"replies":[{"embeddable":true,"href":"https:\/\/lucasvasconcelos.com.br\/bumper\/wp-json\/wp\/v2\/comments?post=359"}],"wp:featuredmedia":[{"embeddable":true,"href":"https:\/\/lucasvasconcelos.com.br\/bumper\/wp-json\/wp\/v2\/media\/391"}],"wp:attachment":[{"href":"https:\/\/lucasvasconcelos.com.br\/bumper\/wp-json\/wp\/v2\/media?parent=359"}],"wp:term":[{"taxonomy":"pwb-brand","embeddable":true,"href":"https:\/\/lucasvasconcelos.com.br\/bumper\/wp-json\/wp\/v2\/pwb-brand?post=359"},{"taxonomy":"product_brand","embeddable":true,"href":"https:\/\/lucasvasconcelos.com.br\/bumper\/wp-json\/wp\/v2\/product_brand?post=359"},{"taxonomy":"product_cat","embeddable":true,"href":"https:\/\/lucasvasconcelos.com.br\/bumper\/wp-json\/wp\/v2\/product_cat?post=359"},{"taxonomy":"product_tag","embeddable":true,"href":"https:\/\/lucasvasconcelos.com.br\/bumper\/wp-json\/wp\/v2\/product_tag?post=359"}],"curies":[{"name":"wp","href":"https:\/\/api.w.org\/{rel}","templated":true}]}}

Kit 3 Sacos para aspirador de pó Electrolux &#8211; Modelos A10, Acqua Power e Gt2000 (CSE10)

<p>Os sacos descartáveis Electrolux são ecologicamente corretos, pois são biodegradáveis e não causam impactos negativos ao meio ambiente.</p>
<p>&nbsp;</p>
<p>Desenvolvidos com dois níveis de filtragem, são higiênicos e eficientes na prevenção da fuga de poeira, evitando danos ao motor. Sua instalação e descarte são fáceis, e são a escolha ideal para quem busca qualidade Electrolux em casa.</p>
<p>&nbsp;</p>
<p><strong>Atenção:</strong> Os sacos descartáveis são compatíveis apenas com os modelos de aspiradores A10S, GT200, AQP10, FLEX, A10N1, AQP20, GT20N, produzidos após o ano de 2010.</p>
<p>&nbsp;</p>
<p>A troca é recomendada a cada 2 meses, totalizando 6 meses por kit.</p>

<p>Compatível apenas com os modelos de aspiradores: A10S, GT200, AQP10, FLEX, A10N1, AQP20, GT20N, produzidos após o ano de 2010.</p>
