{"id":360,"date":"2025-01-20T23:49:46","date_gmt":"2025-01-21T02:49:46","guid":{"rendered":"https:\/\/lucasvasconcelos.com.br\/bumper\/?post_type=product&#038;p=360"},"modified":"2025-01-20T23:50:05","modified_gmt":"2025-01-21T02:50:05","slug":"marmita-eletrica-marmi-quent-tradicional-12l-bivolt","status":"publish","type":"product","link":"https:\/\/lucasvasconcelos.com.br\/bumper\/produto\/marmita-eletrica-marmi-quent-tradicional-12l-bivolt\/","title":{"rendered":"Marmita El\u00e9trica Marmi Quent Tradicional 1,2L &#8211; Bivolt"},"content":{"rendered":"<p><strong>A Marmi Quent Tradicional<\/strong>, \u00e9 uma solu\u00e7\u00e3o pr\u00e1tica, funcional e altamente higi\u00eanica. Utilizando o m\u00e9todo de aquecimento em banho-maria, ela proporciona refei\u00e7\u00f5es quentinhas de forma individual.<\/p>\n<p>&nbsp;<\/p>\n<p>Esta marmiteira \u00e9 sin\u00f4nimo de praticidade, permitindo desfrutar de refei\u00e7\u00f5es saud\u00e1veis a qualquer hora e em qualquer lugar, necessitando apenas de uma tomada el\u00e9trica. Al\u00e9m disso, a Marmi Quent \u00e9 Bivolt Autom\u00e1tico, sendo compat\u00edvel tanto com tomadas de 127V quanto de 220V.<\/p>\n<p>&nbsp;<\/p>\n<p><strong>Diferenciais:<\/strong><\/p>\n<ul>\n<li>Injetada em polipropileno at\u00f3xico, sem presen\u00e7a de BPA (Bisfenol-A) e livre de odores.<\/li>\n<li>A marmiteira, que acomoda o alimento, tamb\u00e9m \u00e9 injetada em polipropileno, sem BPA, com capacidade de 1,2 litros, especialmente desenvolvida para esse fim.<\/li>\n<li>Design ergon\u00f4mico com cantos arredondados facilita a limpeza.<\/li>\n<li>Duas travas laterais de seguran\u00e7a garantem transporte sem riscos de acidentes.<\/li>\n<li>Inclui Separador M\u00f3vel para organizar os alimentos conforme desejado.<\/li>\n<\/ul>\n<p>&nbsp;<\/p>\n<p><strong>Especifica\u00e7\u00f5es:<\/strong><\/p>\n<ul>\n<li>Tens\u00e3o: Bivolt Autom\u00e1tico (127-220V).<\/li>\n<li>Pot\u00eancia: 160 watts.<\/li>\n<li>Capacidade da Marmiteira: 1,2 litros.<\/li>\n<li>Material: Polipropileno &#8211; Livre de Bisfenol.<\/li>\n<li>Dimens\u00f5es do Produto: 21,5 x 16,5 x 10,5 cm.<\/li>\n<li>Peso Bruto: 604 g.<\/li>\n<\/ul>\n<p>&nbsp;<\/p>\n<p>Certificada pelo SGS OCP 0040 e com certificado BRA 20\/00501.<\/p>\n","protected":false},"excerpt":{"rendered":"<p>Esta marmiteira \u00e9 sin\u00f4nimo de praticidade, permitindo desfrutar de refei\u00e7\u00f5es saud\u00e1veis a qualquer hora e em qualquer lugar, necessitando apenas de uma tomada el\u00e9trica.<\/p>\n","protected":false},"featured_media":393,"comment_status":"open","ping_status":"closed","template":"","meta":[],"pwb-brand":[],"product_brand":[],"product_cat":[20,74,21],"product_tag":[75],"class_list":{"0":"post-360","1":"product","2":"type-product","3":"status-publish","4":"has-post-thumbnail","6":"product_cat-eletroportateis","7":"product_cat-marmita","8":"product_cat-para-cozinha","9":"product_tag-marmita-eletrica","11":"first","12":"instock","13":"shipping-taxable","14":"purchasable","15":"product-type-simple"},"brands":[],"_links":{"self":[{"href":"https:\/\/lucasvasconcelos.com.br\/bumper\/wp-json\/wp\/v2\/product\/360","targetHints":{"allow":["GET"]}}],"collection":[{"href":"https:\/\/lucasvasconcelos.com.br\/bumper\/wp-json\/wp\/v2\/product"}],"about":[{"href":"https:\/\/lucasvasconcelos.com.br\/bumper\/wp-json\/wp\/v2\/types\/product"}],"replies":[{"embeddable":true,"href":"https:\/\/lucasvasconcelos.com.br\/bumper\/wp-json\/wp\/v2\/comments?post=360"}],"wp:featuredmedia":[{"embeddable":true,"href":"https:\/\/lucasvasconcelos.com.br\/bumper\/wp-json\/wp\/v2\/media\/393"}],"wp:attachment":[{"href":"https:\/\/lucasvasconcelos.com.br\/bumper\/wp-json\/wp\/v2\/media?parent=360"}],"wp:term":[{"taxonomy":"pwb-brand","embeddable":true,"href":"https:\/\/lucasvasconcelos.com.br\/bumper\/wp-json\/wp\/v2\/pwb-brand?post=360"},{"taxonomy":"product_brand","embeddable":true,"href":"https:\/\/lucasvasconcelos.com.br\/bumper\/wp-json\/wp\/v2\/product_brand?post=360"},{"taxonomy":"product_cat","embeddable":true,"href":"https:\/\/lucasvasconcelos.com.br\/bumper\/wp-json\/wp\/v2\/product_cat?post=360"},{"taxonomy":"product_tag","embeddable":true,"href":"https:\/\/lucasvasconcelos.com.br\/bumper\/wp-json\/wp\/v2\/product_tag?post=360"}],"curies":[{"name":"wp","href":"https:\/\/api.w.org\/{rel}","templated":true}]}}