{"id":363,"date":"2025-01-20T23:49:46","date_gmt":"2025-01-21T02:49:46","guid":{"rendered":"https:\/\/lucasvasconcelos.com.br\/bumper\/?post_type=product&#038;p=363"},"modified":"2025-01-20T23:50:24","modified_gmt":"2025-01-21T02:50:24","slug":"kit-3-sacos-para-aspirador-de-po-electrolux-modelos-a20-e-gt3000-cse20","status":"publish","type":"product","link":"https:\/\/lucasvasconcelos.com.br\/bumper\/produto\/kit-3-sacos-para-aspirador-de-po-electrolux-modelos-a20-e-gt3000-cse20\/","title":{"rendered":"Kit 3 Sacos para aspirador de p\u00f3 Electrolux &#8211; Modelos A20 e Gt3000 (CSE20)"},"content":{"rendered":"<p>Os sacos descart\u00e1veis da Electrolux s\u00e3o biodegrad\u00e1veis, proporcionando uma op\u00e7\u00e3o ecologicamente correta que n\u00e3o agride o ambiente. Desenvolvidos com dois n\u00edveis de filtragem, esses sacos s\u00e3o higi\u00eanicos e evitam que a poeira escape, preservando o motor do aspirador contra danos. Sua instala\u00e7\u00e3o e descarte s\u00e3o f\u00e1ceis, garantindo praticidade.<\/p>\n<p>&nbsp;<\/p>\n<p><strong>Aten\u00e7\u00e3o:<\/strong> Este saco descart\u00e1vel \u00e9 compat\u00edvel apenas com os modelos de aspiradores A20, A20L, A20S, GT300, GT30N produzidos ap\u00f3s 2010.<\/p>\n<p>&nbsp;<\/p>\n<p>Recomenda-se a troca de cada saco a cada 2 meses, totalizando 6 meses por kit. Conte com a qualidade Electrolux para manter sua casa limpa e o meio ambiente preservado.<\/p>\n","protected":false},"excerpt":{"rendered":"<p>Compat\u00edvel apenas com os modelos de aspiradores A20, A20L, A20S, GT300, GT30N produzidos ap\u00f3s 2010.<\/p>\n","protected":false},"featured_media":403,"comment_status":"open","ping_status":"closed","template":"","meta":[],"pwb-brand":[],"product_brand":[],"product_cat":[72,21,39],"product_tag":[73],"class_list":{"0":"post-363","1":"product","2":"type-product","3":"status-publish","4":"has-post-thumbnail","6":"product_cat-filtro-para-aspirador-de-po","7":"product_cat-para-cozinha","8":"product_cat-pecas-e-acessorios","9":"product_tag-pecas-e-acessorios","11":"first","12":"instock","13":"shipping-taxable","14":"purchasable","15":"product-type-simple"},"brands":[],"_links":{"self":[{"href":"https:\/\/lucasvasconcelos.com.br\/bumper\/wp-json\/wp\/v2\/product\/363","targetHints":{"allow":["GET"]}}],"collection":[{"href":"https:\/\/lucasvasconcelos.com.br\/bumper\/wp-json\/wp\/v2\/product"}],"about":[{"href":"https:\/\/lucasvasconcelos.com.br\/bumper\/wp-json\/wp\/v2\/types\/product"}],"replies":[{"embeddable":true,"href":"https:\/\/lucasvasconcelos.com.br\/bumper\/wp-json\/wp\/v2\/comments?post=363"}],"wp:featuredmedia":[{"embeddable":true,"href":"https:\/\/lucasvasconcelos.com.br\/bumper\/wp-json\/wp\/v2\/media\/403"}],"wp:attachment":[{"href":"https:\/\/lucasvasconcelos.com.br\/bumper\/wp-json\/wp\/v2\/media?parent=363"}],"wp:term":[{"taxonomy":"pwb-brand","embeddable":true,"href":"https:\/\/lucasvasconcelos.com.br\/bumper\/wp-json\/wp\/v2\/pwb-brand?post=363"},{"taxonomy":"product_brand","embeddable":true,"href":"https:\/\/lucasvasconcelos.com.br\/bumper\/wp-json\/wp\/v2\/product_brand?post=363"},{"taxonomy":"product_cat","embeddable":true,"href":"https:\/\/lucasvasconcelos.com.br\/bumper\/wp-json\/wp\/v2\/product_cat?post=363"},{"taxonomy":"product_tag","embeddable":true,"href":"https:\/\/lucasvasconcelos.com.br\/bumper\/wp-json\/wp\/v2\/product_tag?post=363"}],"curies":[{"name":"wp","href":"https:\/\/api.w.org\/{rel}","templated":true}]}}