{"id":596,"date":"2025-01-21T11:46:36","date_gmt":"2025-01-21T14:46:36","guid":{"rendered":"https:\/\/lucasvasconcelos.com.br\/bumper\/?post_type=product&#038;p=596"},"modified":"2025-01-21T11:47:58","modified_gmt":"2025-01-21T14:47:58","slug":"filtro-refil-de-agua-para-purificador-electrolux-pe11b-pe11x-pc41b-pc41x-ph41b-ph41x","status":"publish","type":"product","link":"https:\/\/lucasvasconcelos.com.br\/bumper\/produto\/filtro-refil-de-agua-para-purificador-electrolux-pe11b-pe11x-pc41b-pc41x-ph41b-ph41x\/","title":{"rendered":"Filtro\/Refil de \u00c1gua para Purificador Electrolux &#8211; PE11B, PE11X, PC41B, PC41X, PH41B, PH41X"},"content":{"rendered":"<p>O <b>Refil Original da Electrolux <\/b> garante \u00e1gua pura e preserva sua sa\u00fade. Com uma <b>Tecnologia de Filtragem <\/b> avan\u00e7ada, e aprovada por todos os crit\u00e9rios do <b>Inmetro, <\/b> possui efici\u00eancia comprovada na reten\u00e7\u00e3o de part\u00edculas, controle microbiol\u00f3gico e redu\u00e7\u00e3o de cloro livre.<\/p>\n<p>&nbsp;<\/p>\n<p><b>Alto poder de purifica\u00e7\u00e3o e controle microbiol\u00f3gico<\/b><\/p>\n<p>O <b>Carv\u00e3o Ativado com \u00cdons de Prata <\/b> reduz o excesso de cloro livre na \u00e1gua, inibe o desenvolvimento de bact\u00e9rias e outros microrganismos, al\u00e9m de reduzir odores e sabores.<\/p>\n<p>&nbsp;<\/p>\n<p><b>PP Meltblown<\/b><\/p>\n<p>A barreira de <b>Polipropileno Meltblown <\/b> permite maior capacidade de reten\u00e7\u00e3o de contaminantes, reduzindo v\u00e1rios tipos de part\u00edculas s\u00f3lidas e purificando ainda mais a \u00e1gua.<\/p>\n<p>&nbsp;<\/p>\n<p><b>Testado e aprovado*:<\/b><\/p>\n<ul>\n<li>Efici\u00eancia na reten\u00e7\u00e3o de part\u00edculas.<\/li>\n<li>Efici\u00eancia na redu\u00e7\u00e3o do excesso de cloro livre.<\/li>\n<li>Controle de n\u00edvel microbiol\u00f3gico, que impede a prolifera\u00e7\u00e3o de microrganismos.<\/li>\n<\/ul>\n<p>*De acordo com a ABNT NBR:16098:2012 e portaria 394\/2014 do Inmetro.<\/p>\n<p>&nbsp;<\/p>\n<p><b>Vida \u00fatil<\/b><\/p>\n<p>Troque o <b>Refil Original Electrolux <\/b> a cada 3.000L ou 6 meses, o que ocorrer primeiro.<\/p>\n<p>&nbsp;<\/p>\n<p><b>Aten\u00e7\u00e3o!<\/b> <em>O chamado <b>refil compat\u00edvel <\/b> n\u00e3o \u00e9 testado e aprovado pela <b>Electrolux <\/b> e coloca em risco tanto a qualidade da \u00e1gua que voc\u00ea toma como a vida \u00fatil e desempenho do seu Purificador Electrolux.<\/em> Fique atento!<\/p>\n<p>&nbsp;<\/p>\n<p><strong>*Verifique o c\u00f3digo, modelo aplicado e compatibilidade.<\/strong><\/p>\n","protected":false},"excerpt":{"rendered":"<p>Compat\u00edvel com os modelos de purificadores Elextrolux: PA21G, PA26G e PA31G.<\/p>\n","protected":false},"featured_media":684,"comment_status":"open","ping_status":"closed","template":"","meta":[],"pwb-brand":[],"product_brand":[],"product_cat":[120,39],"product_tag":[],"class_list":{"0":"post-596","1":"product","2":"type-product","3":"status-publish","4":"has-post-thumbnail","6":"product_cat-filtro-para-purificadores","7":"product_cat-pecas-e-acessorios","9":"first","10":"instock","11":"shipping-taxable","12":"purchasable","13":"product-type-simple"},"brands":[],"_links":{"self":[{"href":"https:\/\/lucasvasconcelos.com.br\/bumper\/wp-json\/wp\/v2\/product\/596","targetHints":{"allow":["GET"]}}],"collection":[{"href":"https:\/\/lucasvasconcelos.com.br\/bumper\/wp-json\/wp\/v2\/product"}],"about":[{"href":"https:\/\/lucasvasconcelos.com.br\/bumper\/wp-json\/wp\/v2\/types\/product"}],"replies":[{"embeddable":true,"href":"https:\/\/lucasvasconcelos.com.br\/bumper\/wp-json\/wp\/v2\/comments?post=596"}],"wp:featuredmedia":[{"embeddable":true,"href":"https:\/\/lucasvasconcelos.com.br\/bumper\/wp-json\/wp\/v2\/media\/684"}],"wp:attachment":[{"href":"https:\/\/lucasvasconcelos.com.br\/bumper\/wp-json\/wp\/v2\/media?parent=596"}],"wp:term":[{"taxonomy":"pwb-brand","embeddable":true,"href":"https:\/\/lucasvasconcelos.com.br\/bumper\/wp-json\/wp\/v2\/pwb-brand?post=596"},{"taxonomy":"product_brand","embeddable":true,"href":"https:\/\/lucasvasconcelos.com.br\/bumper\/wp-json\/wp\/v2\/product_brand?post=596"},{"taxonomy":"product_cat","embeddable":true,"href":"https:\/\/lucasvasconcelos.com.br\/bumper\/wp-json\/wp\/v2\/product_cat?post=596"},{"taxonomy":"product_tag","embeddable":true,"href":"https:\/\/lucasvasconcelos.com.br\/bumper\/wp-json\/wp\/v2\/product_tag?post=596"}],"curies":[{"name":"wp","href":"https:\/\/api.w.org\/{rel}","templated":true}]}}