{"id":607,"date":"2025-01-21T11:46:37","date_gmt":"2025-01-21T14:46:37","guid":{"rendered":"https:\/\/lucasvasconcelos.com.br\/bumper\/?post_type=product&#038;p=607"},"modified":"2025-01-21T11:49:49","modified_gmt":"2025-01-21T14:49:49","slug":"filtro-refil-de-agua-para-purificador-consul-cpc31-e-cpb34-cix06ax","status":"publish","type":"product","link":"https:\/\/lucasvasconcelos.com.br\/bumper\/produto\/filtro-refil-de-agua-para-purificador-consul-cpc31-e-cpb34-cix06ax\/","title":{"rendered":"Filtro\/Refil de \u00c1gua para Purificador Consul CPC31 e CPB34 &#8211; (CIX06AX)"},"content":{"rendered":"<h2 class=\"\" data-sourcepos=\"1:1-1:91\">Refil de \u00c1gua para Purificador Consul CPC31 e CPB34: \u00c1gua Pura e Segura para Sua Fam\u00edlia<\/h2>\n<p>&nbsp;<\/p>\n<p data-sourcepos=\"3:1-3:18\">Desfrute da mais alta qualidade de \u00e1gua com o <strong>Refil de \u00c1gua para Purificador Consul CPC31 e CPB34<\/strong>!<\/p>\n<p data-sourcepos=\"3:1-3:18\">\n<p data-sourcepos=\"5:1-5:22\"><strong>Efici\u00eancia Imbat\u00edvel:<\/strong><\/p>\n<ul data-sourcepos=\"7:1-8:17\">\n<li data-sourcepos=\"7:1-7:85\">M\u00e1xima efici\u00eancia bacteriol\u00f3gica,\u00a0eliminando 99,9% das bact\u00e9rias presentes na \u00e1gua.<\/li>\n<li data-sourcepos=\"8:1-8:17\">Ret\u00e9m impurezas,\u00a0sedimentos e cloro,\u00a0garantindo \u00e1gua pura e cristalina.<\/li>\n<li data-sourcepos=\"9:1-9:69\">Proporciona \u00e1gua com sabor natural e refrescante,\u00a0ideal para toda a fam\u00edlia.<\/li>\n<\/ul>\n<p data-sourcepos=\"11:1-11:21\"><strong>F\u00e1cil Manuten\u00e7\u00e3o:<\/strong><\/p>\n<ul data-sourcepos=\"13:1-15:0\">\n<li data-sourcepos=\"13:1-13:104\">Troca simples e r\u00e1pida,\u00a0que pode ser feita a cada 3 meses,\u00a0sem necessidade de ferramentas ou t\u00e9cnicos.<\/li>\n<li data-sourcepos=\"14:1-15:0\">Compat\u00edvel com os purificadores Consul <strong>CPC31 e CPB34<\/strong>,\u00a0oferecendo versatilidade.<\/li>\n<\/ul>\n<p data-sourcepos=\"16:1-16:24\"><strong>Tecnologia Avan\u00e7ada:<\/strong><\/p>\n<ul data-sourcepos=\"18:1-21:0\">\n<li data-sourcepos=\"18:1-18:90\">Fabricado com materiais de alta qualidade,\u00a0como polipropileno e bloco de carv\u00e3o ativado.<\/li>\n<li data-sourcepos=\"19:1-19:78\">Filtragem de alta performance que garante \u00e1gua pura e segura para sua sa\u00fade.<\/li>\n<\/ul>\n<p data-sourcepos=\"22:1-22:22\"><strong>Sa\u00fade e Bem-Estar:<\/strong><\/p>\n<ul data-sourcepos=\"24:1-26:0\">\n<li data-sourcepos=\"24:1-24:81\">Consumir \u00e1gua pura e livre de impurezas \u00e9 essencial para a sa\u00fade e o bem-estar.<\/li>\n<\/ul>\n<p>&nbsp;<\/p>\n","protected":false},"excerpt":{"rendered":"<p>Compat\u00edvel com os modelos de purificadores Consul: CPC31 e CPB34.<\/p>\n","protected":false},"featured_media":745,"comment_status":"open","ping_status":"closed","template":"","meta":[],"pwb-brand":[],"product_brand":[],"product_cat":[120,39],"product_tag":[],"class_list":{"0":"post-607","1":"product","2":"type-product","3":"status-publish","4":"has-post-thumbnail","6":"product_cat-filtro-para-purificadores","7":"product_cat-pecas-e-acessorios","9":"first","10":"instock","11":"shipping-taxable","12":"purchasable","13":"product-type-simple"},"brands":[],"_links":{"self":[{"href":"https:\/\/lucasvasconcelos.com.br\/bumper\/wp-json\/wp\/v2\/product\/607","targetHints":{"allow":["GET"]}}],"collection":[{"href":"https:\/\/lucasvasconcelos.com.br\/bumper\/wp-json\/wp\/v2\/product"}],"about":[{"href":"https:\/\/lucasvasconcelos.com.br\/bumper\/wp-json\/wp\/v2\/types\/product"}],"replies":[{"embeddable":true,"href":"https:\/\/lucasvasconcelos.com.br\/bumper\/wp-json\/wp\/v2\/comments?post=607"}],"wp:featuredmedia":[{"embeddable":true,"href":"https:\/\/lucasvasconcelos.com.br\/bumper\/wp-json\/wp\/v2\/media\/745"}],"wp:attachment":[{"href":"https:\/\/lucasvasconcelos.com.br\/bumper\/wp-json\/wp\/v2\/media?parent=607"}],"wp:term":[{"taxonomy":"pwb-brand","embeddable":true,"href":"https:\/\/lucasvasconcelos.com.br\/bumper\/wp-json\/wp\/v2\/pwb-brand?post=607"},{"taxonomy":"product_brand","embeddable":true,"href":"https:\/\/lucasvasconcelos.com.br\/bumper\/wp-json\/wp\/v2\/product_brand?post=607"},{"taxonomy":"product_cat","embeddable":true,"href":"https:\/\/lucasvasconcelos.com.br\/bumper\/wp-json\/wp\/v2\/product_cat?post=607"},{"taxonomy":"product_tag","embeddable":true,"href":"https:\/\/lucasvasconcelos.com.br\/bumper\/wp-json\/wp\/v2\/product_tag?post=607"}],"curies":[{"name":"wp","href":"https:\/\/api.w.org\/{rel}","templated":true}]}}