{"id":826,"date":"2025-01-21T11:59:49","date_gmt":"2025-01-21T14:59:49","guid":{"rendered":"https:\/\/lucasvasconcelos.com.br\/bumper\/?post_type=product&#038;p=826"},"modified":"2025-01-21T11:59:51","modified_gmt":"2025-01-21T14:59:51","slug":"lampada-para-geladeira-15w-electrolux","status":"publish","type":"product","link":"https:\/\/lucasvasconcelos.com.br\/bumper\/produto\/lampada-para-geladeira-15w-electrolux\/","title":{"rendered":"L\u00e2mpada para geladeira 15W Electrolux"},"content":{"rendered":"<p><strong>Aproveite a ilumina\u00e7\u00e3o ideal para o seu refrigerador:<\/strong><\/p>\n<p>Adquira a l\u00e2mpada para refrigerador 15W da Electrolux com maior qualidade e praticidade.<\/p>\n<p>&nbsp;<\/p>\n<p><strong>Aplicada aos modelos:<\/strong> DB580 \/ DC33 \/ DC33A \/ DC34 \/ DC35 \/ DC360 \/ DC37 \/ DC38 \/ DC39 \/ DC39A \/ DC40 \/ DC41 \/ DC41P \/ DC42 \/ DC43 \/ DC45 \/ DC46 \/ DC47 \/ DC47A \/ DC47G \/ DC48 \/ DC49A \/ DC49X \/ DC51X \/ DCW34 \/ DCW35 \/ DCW40 \/ DCW41 \/ DCW42 \/ DCW49 \/ DF34 \/ DF34A \/ DF35 \/ DF35A \/ DF36 \/ DF36A \/ DF37 \/ DF38 \/ DF38A \/ DF38X \/ DF39 \/ DF40 \/ DF40A \/ DF41 \/ DF42 \/ DF43 \/ DF45 \/ DF45X \/ DF46 \/ DF47 \/ DF48 \/ DF48X \/ DF49 \/ DF50 \/ DF50X \/ DFF37 \/ DFF39 \/ DFF40 \/ DFF44<\/p>\n","protected":false},"excerpt":{"rendered":"<p>Aproveite a ilumina\u00e7\u00e3o ideal para o seu refrigerador: Adquira a l\u00e2mpada para refrigerador 15W da Electrolux com maior qualidade e praticidade. &nbsp; Aplicada aos modelos: DB580 \/ DC33 \/ DC33A \/ DC34 \/ DC35 \/ DC360 \/ DC37 \/ DC38 \/ DC39 \/ DC39A \/ DC40 \/ DC41 \/ DC41P \/ DC42 \/ DC43 \/ [&hellip;]<\/p>\n","protected":false},"featured_media":841,"comment_status":"open","ping_status":"closed","template":"","meta":[],"pwb-brand":[],"product_brand":[],"product_cat":[21,39,183],"product_tag":[184],"class_list":{"0":"post-826","1":"product","2":"type-product","3":"status-publish","4":"has-post-thumbnail","6":"product_cat-para-cozinha","7":"product_cat-pecas-e-acessorios","8":"product_cat-pecas-para-geladeira","9":"product_tag-chaleira-eletrica","11":"first","12":"instock","13":"shipping-taxable","14":"purchasable","15":"product-type-simple"},"brands":[],"_links":{"self":[{"href":"https:\/\/lucasvasconcelos.com.br\/bumper\/wp-json\/wp\/v2\/product\/826","targetHints":{"allow":["GET"]}}],"collection":[{"href":"https:\/\/lucasvasconcelos.com.br\/bumper\/wp-json\/wp\/v2\/product"}],"about":[{"href":"https:\/\/lucasvasconcelos.com.br\/bumper\/wp-json\/wp\/v2\/types\/product"}],"replies":[{"embeddable":true,"href":"https:\/\/lucasvasconcelos.com.br\/bumper\/wp-json\/wp\/v2\/comments?post=826"}],"wp:featuredmedia":[{"embeddable":true,"href":"https:\/\/lucasvasconcelos.com.br\/bumper\/wp-json\/wp\/v2\/media\/841"}],"wp:attachment":[{"href":"https:\/\/lucasvasconcelos.com.br\/bumper\/wp-json\/wp\/v2\/media?parent=826"}],"wp:term":[{"taxonomy":"pwb-brand","embeddable":true,"href":"https:\/\/lucasvasconcelos.com.br\/bumper\/wp-json\/wp\/v2\/pwb-brand?post=826"},{"taxonomy":"product_brand","embeddable":true,"href":"https:\/\/lucasvasconcelos.com.br\/bumper\/wp-json\/wp\/v2\/product_brand?post=826"},{"taxonomy":"product_cat","embeddable":true,"href":"https:\/\/lucasvasconcelos.com.br\/bumper\/wp-json\/wp\/v2\/product_cat?post=826"},{"taxonomy":"product_tag","embeddable":true,"href":"https:\/\/lucasvasconcelos.com.br\/bumper\/wp-json\/wp\/v2\/product_tag?post=826"}],"curies":[{"name":"wp","href":"https:\/\/api.w.org\/{rel}","templated":true}]}}

Lâmpada para geladeira 15W Electrolux

<p><strong>Aproveite a iluminação ideal para o seu refrigerador:</strong></p>
<p>Adquira a lâmpada para refrigerador 15W da Electrolux com maior qualidade e praticidade.</p>
<p>&nbsp;</p>
<p><strong>Aplicada aos modelos:</strong> DB580 / DC33 / DC33A / DC34 / DC35 / DC360 / DC37 / DC38 / DC39 / DC39A / DC40 / DC41 / DC41P / DC42 / DC43 / DC45 / DC46 / DC47 / DC47A / DC47G / DC48 / DC49A / DC49X / DC51X / DCW34 / DCW35 / DCW40 / DCW41 / DCW42 / DCW49 / DF34 / DF34A / DF35 / DF35A / DF36 / DF36A / DF37 / DF38 / DF38A / DF38X / DF39 / DF40 / DF40A / DF41 / DF42 / DF43 / DF45 / DF45X / DF46 / DF47 / DF48 / DF48X / DF49 / DF50 / DF50X / DFF37 / DFF39 / DFF40 / DFF44</p>

<p>Aproveite a iluminação ideal para o seu refrigerador: Adquira a lâmpada para refrigerador 15W da Electrolux com maior qualidade e praticidade. &nbsp; Aplicada aos modelos: DB580 / DC33 / DC33A / DC34 / DC35 / DC360 / DC37 / DC38 / DC39 / DC39A / DC40 / DC41 / DC41P / DC42 / DC43 / [&hellip;]</p>
