{"id":833,"date":"2025-01-21T11:59:49","date_gmt":"2025-01-21T14:59:49","guid":{"rendered":"https:\/\/lucasvasconcelos.com.br\/bumper\/?post_type=product&#038;p=833"},"modified":"2025-01-21T12:00:21","modified_gmt":"2025-01-21T15:00:21","slug":"mixer-3-em-1-electrolux-400w-cor-preta-127v","status":"publish","type":"product","link":"https:\/\/lucasvasconcelos.com.br\/bumper\/produto\/mixer-3-em-1-electrolux-400w-cor-preta-127v\/","title":{"rendered":"Mixer 3 em 1 Electrolux 400W Cor Preta &#8211; 127V"},"content":{"rendered":"<p><b>Mixer 3 em 1 Electrolux 400W\u00a0 Aperfei\u00e7oe Suas Receitas com Tecnologia TruFlow\u2122<\/b><\/p>\n<p>&nbsp;<\/p>\n<p><span style=\"font-weight: 400;\">Experimente a excel\u00eancia na textura ao preparar sucos, vitaminas e diversas receitas com o Mixer 3 em 1 Electrolux. Equipado com a avan\u00e7ada Tecnologia TruFlow\u2122, este mixer reduz a forma\u00e7\u00e3o de bolhas de ar, proporcionando prepara\u00e7\u00f5es mais cremosas e homog\u00eaneas.<\/span><\/p>\n<p>&nbsp;<\/p>\n<p><b>Recursos e Benef\u00edcios:<\/b><\/p>\n<p>&nbsp;<\/p>\n<p><b>Pot\u00eancia de 400W:<\/b><\/p>\n<p><span style=\"font-weight: 400;\">Com 400W de pot\u00eancia, o Mixer 3 em 1 Electrolux \u00e9 ideal para o processamento eficiente de gr\u00e3os, queijos e outros ingredientes, garantindo o sucesso de suas receitas favoritas.<\/span><\/p>\n<p>&nbsp;<\/p>\n<p><b>Fun\u00e7\u00e3o Turbo:<\/b><\/p>\n<p><span style=\"font-weight: 400;\">A fun\u00e7\u00e3o Turbo eleva o desempenho do mixer, permitindo triturar at\u00e9 mesmo os alimentos mais desafiadores. Sua versatilidade atende a diversas necessidades culin\u00e1rias.<\/span><\/p>\n<p>&nbsp;<\/p>\n<p><b>Acess\u00f3rios Essenciais:<\/b><\/p>\n<p><span style=\"font-weight: 400;\">Acompanhado por um copo com 600ml de capacidade, mini processador de alimentos e batedor de claras, o mixer oferece versatilidade e praticidade para suas cria\u00e7\u00f5es culin\u00e1rias.<\/span><\/p>\n<p>&nbsp;<\/p>\n<p><b>BPA Free\u00a0 Seguran\u00e7a para sua Sa\u00fade:<\/b><\/p>\n<p><span style=\"font-weight: 400;\">A haste do produto \u00e9 livre de Bisfenol A, uma subst\u00e2ncia prejudicial \u00e0 sa\u00fade. Assim, voc\u00ea pode desfrutar de suas receitas sem preocupa\u00e7\u00f5es.<\/span><\/p>\n<p>&nbsp;<\/p>\n<p><b>Cabo de 1,2 Metros:<\/b><\/p>\n<p><span style=\"font-weight: 400;\">Com um cabo de 1,2 metros, tenha mais autonomia ao utilizar o mixer, proporcionando liberdade e facilidade durante o preparo de suas receitas.<\/span><\/p>\n<p>&nbsp;<\/p>\n<p><span style=\"font-weight: 400;\">Eleve sua experi\u00eancia na cozinha com o Mixer 3 em 1 Electrolux 400W, garantindo texturas perfeitas e resultados deliciosos em todas as suas cria\u00e7\u00f5es culin\u00e1rias.<\/span><\/p>\n","protected":false},"excerpt":{"rendered":"<p><span style=\"font-weight: 400;\">Equipado com a avan\u00e7ada Tecnologia TruFlow\u2122, este mixer reduz a forma\u00e7\u00e3o de bolhas de ar, proporcionando prepara\u00e7\u00f5es mais cremosas e homog\u00eaneas.<\/span><\/p>\n","protected":false},"featured_media":848,"comment_status":"open","ping_status":"closed","template":"","meta":[],"pwb-brand":[],"product_brand":[],"product_cat":[20,185,21],"product_tag":[],"class_list":{"0":"post-833","1":"product","2":"type-product","3":"status-publish","4":"has-post-thumbnail","6":"product_cat-eletroportateis","7":"product_cat-mixer","8":"product_cat-para-cozinha","10":"first","11":"instock","12":"shipping-taxable","13":"purchasable","14":"product-type-simple"},"brands":[],"_links":{"self":[{"href":"https:\/\/lucasvasconcelos.com.br\/bumper\/wp-json\/wp\/v2\/product\/833","targetHints":{"allow":["GET"]}}],"collection":[{"href":"https:\/\/lucasvasconcelos.com.br\/bumper\/wp-json\/wp\/v2\/product"}],"about":[{"href":"https:\/\/lucasvasconcelos.com.br\/bumper\/wp-json\/wp\/v2\/types\/product"}],"replies":[{"embeddable":true,"href":"https:\/\/lucasvasconcelos.com.br\/bumper\/wp-json\/wp\/v2\/comments?post=833"}],"wp:featuredmedia":[{"embeddable":true,"href":"https:\/\/lucasvasconcelos.com.br\/bumper\/wp-json\/wp\/v2\/media\/848"}],"wp:attachment":[{"href":"https:\/\/lucasvasconcelos.com.br\/bumper\/wp-json\/wp\/v2\/media?parent=833"}],"wp:term":[{"taxonomy":"pwb-brand","embeddable":true,"href":"https:\/\/lucasvasconcelos.com.br\/bumper\/wp-json\/wp\/v2\/pwb-brand?post=833"},{"taxonomy":"product_brand","embeddable":true,"href":"https:\/\/lucasvasconcelos.com.br\/bumper\/wp-json\/wp\/v2\/product_brand?post=833"},{"taxonomy":"product_cat","embeddable":true,"href":"https:\/\/lucasvasconcelos.com.br\/bumper\/wp-json\/wp\/v2\/product_cat?post=833"},{"taxonomy":"product_tag","embeddable":true,"href":"https:\/\/lucasvasconcelos.com.br\/bumper\/wp-json\/wp\/v2\/product_tag?post=833"}],"curies":[{"name":"wp","href":"https:\/\/api.w.org\/{rel}","templated":true}]}}