{"id":927,"date":"2025-01-21T12:08:43","date_gmt":"2025-01-21T15:08:43","guid":{"rendered":"https:\/\/lucasvasconcelos.com.br\/bumper\/?post_type=product&#038;p=927"},"modified":"2025-01-21T12:11:47","modified_gmt":"2025-01-21T15:11:47","slug":"cafeteira-eletrica-mondial-dolce-arome-cor-inox-c-44-32x-si-127v","status":"publish","type":"product","link":"https:\/\/lucasvasconcelos.com.br\/bumper\/produto\/cafeteira-eletrica-mondial-dolce-arome-cor-inox-c-44-32x-si-127v\/","title":{"rendered":"Cafeteira El\u00e9trica Mondial Dolce Arome Cor Inox (C-44-32X-SI) &#8211; 127V"},"content":{"rendered":"<p><strong>Desfrute do seu Caf\u00e9 com Estilo e Sofistica\u00e7\u00e3o com a Cafeteira El\u00e9trica Mondial Dolce Arome<\/strong><\/p>\n<p>&nbsp;<\/p>\n<p>A <strong>Cafeteira El\u00e9trica Dolce Arome<\/strong>\u00a0\u00e9 a adi\u00e7\u00e3o perfeita para a sua cozinha, oferecendo um design sofisticado em a\u00e7o inox que combina beleza e modernidade. Com capacidade para at\u00e9 32 x\u00edcaras de caf\u00e9, \u00e9 ideal para satisfazer toda a fam\u00edlia com uma \u00fanica prepara\u00e7\u00e3o.<\/p>\n<p>&nbsp;<\/p>\n<p><strong>Principais Caracter\u00edsticas:<\/strong><\/p>\n<p>&nbsp;<\/p>\n<ul>\n<li><strong>32 X\u00edcaras de Caf\u00e9:<\/strong> Desfrute do tamanho ideal para atender a toda a sua fam\u00edlia, proporcionando momentos de caf\u00e9 compartilhados.<\/li>\n<li><strong>Ecologicamente Correta:<\/strong> Equipada com filtro permanente e porta-filtro remov\u00edvel, a cafeteira dispensa o uso de filtro de papel, contribuindo para a sustentabilidade e proporcionando economia.<\/li>\n<li><strong>Beleza + Modernidade:<\/strong> Dispon\u00edvel na elegante cor preta e com acabamento em a\u00e7o inox, a Cafeteira Dolce Arome adiciona um toque de sofistica\u00e7\u00e3o \u00e0 sua cozinha.<\/li>\n<li><strong>Jarra de Vidro:<\/strong> F\u00e1cil de lavar e sem res\u00edduos ou odores, a jarra de vidro oferece praticidade para levar \u00e0 mesa e servir o caf\u00e9 de forma elegante.<\/li>\n<li><strong>Sistema Corta-Pingos:<\/strong> Permite a retirada da jarra durante o preparo, facilitando o momento de servir o caf\u00e9.<\/li>\n<li><strong>Indicador do N\u00edvel de \u00c1gua:<\/strong> Permite o preparo da quantidade desejada de x\u00edcaras de caf\u00e9, garantindo a precis\u00e3o na medida.<\/li>\n<li><strong>Fun\u00e7\u00e3o Manter Aquecido:<\/strong> A base com aquecimento conserva o caf\u00e9 quentinho por mais tempo, sem alterar o sabor, proporcionando uma experi\u00eancia prolongada de sabor.<\/li>\n<li><strong>Tampa Basculante:<\/strong> Mais facilidade na hora de adicionar \u00e1gua e p\u00f3 de caf\u00e9 \u00e0 cafeteira.<\/li>\n<li><strong>Liga\/Desliga Luminoso:<\/strong> Indica claramente o funcionamento do produto, oferecendo praticidade e controle.<\/li>\n<\/ul>\n<p>&nbsp;<\/p>\n<p>Experimente a excel\u00eancia em caf\u00e9 com a <strong>Cafeteira El\u00e9trica Mondial Dolce Arome<\/strong>, uma fus\u00e3o de estilo, praticidade e sustentabilidade na sua cozinha.<\/p>\n","protected":false},"excerpt":{"rendered":"<p>Oferece um design sofisticado em a\u00e7o inox que combina beleza e modernidade. Com capacidade para at\u00e9 32 x\u00edcaras de caf\u00e9, \u00e9 ideal para satisfazer toda a fam\u00edlia com uma \u00fanica prepara\u00e7\u00e3o.<\/p>\n","protected":false},"featured_media":1056,"comment_status":"open","ping_status":"closed","template":"","meta":[],"pwb-brand":[],"product_brand":[],"product_cat":[203,20,21],"product_tag":[204],"class_list":{"0":"post-927","1":"product","2":"type-product","3":"status-publish","4":"has-post-thumbnail","6":"product_cat-cafeteiras","7":"product_cat-eletroportateis","8":"product_cat-para-cozinha","9":"product_tag-cafeteira-eletrica","11":"first","12":"instock","13":"shipping-taxable","14":"purchasable","15":"product-type-simple"},"brands":[],"_links":{"self":[{"href":"https:\/\/lucasvasconcelos.com.br\/bumper\/wp-json\/wp\/v2\/product\/927","targetHints":{"allow":["GET"]}}],"collection":[{"href":"https:\/\/lucasvasconcelos.com.br\/bumper\/wp-json\/wp\/v2\/product"}],"about":[{"href":"https:\/\/lucasvasconcelos.com.br\/bumper\/wp-json\/wp\/v2\/types\/product"}],"replies":[{"embeddable":true,"href":"https:\/\/lucasvasconcelos.com.br\/bumper\/wp-json\/wp\/v2\/comments?post=927"}],"wp:featuredmedia":[{"embeddable":true,"href":"https:\/\/lucasvasconcelos.com.br\/bumper\/wp-json\/wp\/v2\/media\/1056"}],"wp:attachment":[{"href":"https:\/\/lucasvasconcelos.com.br\/bumper\/wp-json\/wp\/v2\/media?parent=927"}],"wp:term":[{"taxonomy":"pwb-brand","embeddable":true,"href":"https:\/\/lucasvasconcelos.com.br\/bumper\/wp-json\/wp\/v2\/pwb-brand?post=927"},{"taxonomy":"product_brand","embeddable":true,"href":"https:\/\/lucasvasconcelos.com.br\/bumper\/wp-json\/wp\/v2\/product_brand?post=927"},{"taxonomy":"product_cat","embeddable":true,"href":"https:\/\/lucasvasconcelos.com.br\/bumper\/wp-json\/wp\/v2\/product_cat?post=927"},{"taxonomy":"product_tag","embeddable":true,"href":"https:\/\/lucasvasconcelos.com.br\/bumper\/wp-json\/wp\/v2\/product_tag?post=927"}],"curies":[{"name":"wp","href":"https:\/\/api.w.org\/{rel}","templated":true}]}}

Cafeteira Elétrica Mondial Dolce Arome Cor Inox (C-44-32X-SI) &#8211; 127V

<p><strong>Desfrute do seu Café com Estilo e Sofisticação com a Cafeteira Elétrica Mondial Dolce Arome</strong></p>
<p>&nbsp;</p>
<p>A <strong>Cafeteira Elétrica Dolce Arome</strong> é a adição perfeita para a sua cozinha, oferecendo um design sofisticado em aço inox que combina beleza e modernidade. Com capacidade para até 32 xícaras de café, é ideal para satisfazer toda a família com uma única preparação.</p>
<p>&nbsp;</p>
<p><strong>Principais Características:</strong></p>
<p>&nbsp;</p>
<ul>
<li><strong>32 Xícaras de Café:</strong> Desfrute do tamanho ideal para atender a toda a sua família, proporcionando momentos de café compartilhados.</li>
<li><strong>Ecologicamente Correta:</strong> Equipada com filtro permanente e porta-filtro removível, a cafeteira dispensa o uso de filtro de papel, contribuindo para a sustentabilidade e proporcionando economia.</li>
<li><strong>Beleza + Modernidade:</strong> Disponível na elegante cor preta e com acabamento em aço inox, a Cafeteira Dolce Arome adiciona um toque de sofisticação à sua cozinha.</li>
<li><strong>Jarra de Vidro:</strong> Fácil de lavar e sem resíduos ou odores, a jarra de vidro oferece praticidade para levar à mesa e servir o café de forma elegante.</li>
<li><strong>Sistema Corta-Pingos:</strong> Permite a retirada da jarra durante o preparo, facilitando o momento de servir o café.</li>
<li><strong>Indicador do Nível de Água:</strong> Permite o preparo da quantidade desejada de xícaras de café, garantindo a precisão na medida.</li>
<li><strong>Função Manter Aquecido:</strong> A base com aquecimento conserva o café quentinho por mais tempo, sem alterar o sabor, proporcionando uma experiência prolongada de sabor.</li>
<li><strong>Tampa Basculante:</strong> Mais facilidade na hora de adicionar água e pó de café à cafeteira.</li>
<li><strong>Liga/Desliga Luminoso:</strong> Indica claramente o funcionamento do produto, oferecendo praticidade e controle.</li>
</ul>
<p>&nbsp;</p>
<p>Experimente a excelência em café com a <strong>Cafeteira Elétrica Mondial Dolce Arome</strong>, uma fusão de estilo, praticidade e sustentabilidade na sua cozinha.</p>

<p>Oferece um design sofisticado em aço inox que combina beleza e modernidade. Com capacidade para até 32 xícaras de café, é ideal para satisfazer toda a família com uma única preparação.</p>
