{"id":965,"date":"2025-01-21T12:09:28","date_gmt":"2025-01-21T15:09:28","guid":{"rendered":"https:\/\/lucasvasconcelos.com.br\/bumper\/?post_type=product&#038;p=965"},"modified":"2025-01-21T12:18:28","modified_gmt":"2025-01-21T15:18:28","slug":"purificador-de-agua-consul-compacto-com-filtragem-classe-a-cor-branca-cpc31abona-bivolt","status":"publish","type":"product","link":"https:\/\/lucasvasconcelos.com.br\/bumper\/produto\/purificador-de-agua-consul-compacto-com-filtragem-classe-a-cor-branca-cpc31abona-bivolt\/","title":{"rendered":"Purificador De \u00c1gua Consul Compacto com Filtragem Classe A Cor Branca (CPC31ABONA) &#8211; Bivolt"},"content":{"rendered":"<p><strong>O Purificador De \u00c1gua Consul Compacto<\/strong>, modelo (CPC31ABONA), apresenta um design compacto que se adequa perfeitamente a qualquer espa\u00e7o na sua cozinha. Acompanhado do refil original Consul, proporciona uma filtragem classe A, considerada a melhor pelo INMETRO, retendo part\u00edculas at\u00e9 60 vezes menores que um gr\u00e3o de areia, resultando em uma \u00e1gua mais limpa e de qualidade superior.<\/p>\n<p>&nbsp;<\/p>\n<p><strong>O Purificador De \u00c1gua Consul Compacto (CPC31ABONA)\u00a0<\/strong> \u00e9 ideal para espa\u00e7os menores, sendo uma op\u00e7\u00e3o pr\u00e1tica e eficiente. O refil original tamb\u00e9m possui efici\u00eancia bacteriol\u00f3gica, retendo 99% das bact\u00e9rias, incluindo a E. Coli, respons\u00e1vel por doen\u00e7as gastrointestinais.<\/p>\n<p>&nbsp;<\/p>\n<p>O alerta luminoso indica o momento adequado para a troca do refil, garantindo que voc\u00ea sempre tenha \u00e1gua purificada. A substitui\u00e7\u00e3o do refil \u00e9 f\u00e1cil e sem complica\u00e7\u00f5es, bastando girar e trocar por um novo.<\/p>\n<p>&nbsp;<\/p>\n<p>Al\u00e9m disso, o <strong>Purificador De \u00c1gua Consul Compacto<\/strong> oferece versatilidade na instala\u00e7\u00e3o, permitindo que voc\u00ea escolha entre a fixa\u00e7\u00e3o na parede ou na bancada, proporcionando maior liberdade para personalizar conforme suas necessidades. O kit de instala\u00e7\u00e3o incluso simplifica o processo, fornecendo todos os componentes necess\u00e1rios para uma instala\u00e7\u00e3o f\u00e1cil e segura.<\/p>\n<p>&nbsp;<\/p>\n<p>Garanta \u00e1gua pura e saud\u00e1vel para sua fam\u00edlia com praticidade e efici\u00eancia.<\/p>\n","protected":false},"excerpt":{"rendered":"<p>Com design compacto que se adequa perfeitamente a qualquer espa\u00e7o na sua cozinha.<\/p>\n","protected":false},"featured_media":1321,"comment_status":"open","ping_status":"closed","template":"","meta":[],"pwb-brand":[258],"product_brand":[],"product_cat":[20,21,119],"product_tag":[45,62],"class_list":{"0":"post-965","1":"product","2":"type-product","3":"status-publish","4":"has-post-thumbnail","6":"pwb-brand-consul","7":"product_cat-eletroportateis","8":"product_cat-para-cozinha","9":"product_cat-purificadores","10":"product_tag-em-alta","11":"product_tag-mais-procurados","13":"first","14":"instock","15":"shipping-taxable","16":"purchasable","17":"product-type-simple"},"brands":[{"id":258,"name":"Consul","slug":"consul"}],"_links":{"self":[{"href":"https:\/\/lucasvasconcelos.com.br\/bumper\/wp-json\/wp\/v2\/product\/965","targetHints":{"allow":["GET"]}}],"collection":[{"href":"https:\/\/lucasvasconcelos.com.br\/bumper\/wp-json\/wp\/v2\/product"}],"about":[{"href":"https:\/\/lucasvasconcelos.com.br\/bumper\/wp-json\/wp\/v2\/types\/product"}],"replies":[{"embeddable":true,"href":"https:\/\/lucasvasconcelos.com.br\/bumper\/wp-json\/wp\/v2\/comments?post=965"}],"wp:featuredmedia":[{"embeddable":true,"href":"https:\/\/lucasvasconcelos.com.br\/bumper\/wp-json\/wp\/v2\/media\/1321"}],"wp:attachment":[{"href":"https:\/\/lucasvasconcelos.com.br\/bumper\/wp-json\/wp\/v2\/media?parent=965"}],"wp:term":[{"taxonomy":"pwb-brand","embeddable":true,"href":"https:\/\/lucasvasconcelos.com.br\/bumper\/wp-json\/wp\/v2\/pwb-brand?post=965"},{"taxonomy":"product_brand","embeddable":true,"href":"https:\/\/lucasvasconcelos.com.br\/bumper\/wp-json\/wp\/v2\/product_brand?post=965"},{"taxonomy":"product_cat","embeddable":true,"href":"https:\/\/lucasvasconcelos.com.br\/bumper\/wp-json\/wp\/v2\/product_cat?post=965"},{"taxonomy":"product_tag","embeddable":true,"href":"https:\/\/lucasvasconcelos.com.br\/bumper\/wp-json\/wp\/v2\/product_tag?post=965"}],"curies":[{"name":"wp","href":"https:\/\/api.w.org\/{rel}","templated":true}]}}